Last updated on 2022-06-28 07:51:58 CEST.
Flavor | Version | Tinstall | Tcheck | Ttotal | Status | Flags |
---|---|---|---|---|---|---|
r-devel-linux-x86_64-debian-clang | 1.2.6 | 33.02 | 294.10 | 327.12 | NOTE | |
r-devel-linux-x86_64-debian-gcc | 1.2.6 | 27.71 | 214.95 | 242.66 | NOTE | |
r-devel-linux-x86_64-fedora-clang | 1.2.6 | 384.52 | NOTE | |||
r-devel-linux-x86_64-fedora-gcc | 1.2.6 | 395.18 | NOTE | |||
r-devel-windows-x86_64 | 1.2.6 | 80.00 | 286.00 | 366.00 | NOTE | |
r-patched-linux-x86_64 | 1.2.6 | 28.78 | 278.77 | 307.55 | NOTE | |
r-release-linux-x86_64 | 1.2.6 | 32.94 | 275.07 | 308.01 | NOTE | |
r-release-macos-arm64 | 1.2.6 | 80.00 | NOTE | |||
r-release-macos-x86_64 | 1.2.6 | 189.00 | NOTE | |||
r-release-windows-x86_64 | 1.2.6 | 64.00 | 275.00 | 339.00 | NOTE | |
r-oldrel-macos-arm64 | 1.2.6 | 82.00 | NOTE | |||
r-oldrel-macos-x86_64 | 1.2.6 | 110.00 | NOTE | |||
r-oldrel-windows-ix86+x86_64 | 1.2.6 | 72.00 | 284.00 | 356.00 | NOTE |
Version: 1.2.6
Check: package dependencies
Result: NOTE
Package suggested but not available for checking: 'ggOceanMapsData'
Flavors: r-devel-linux-x86_64-debian-clang, r-devel-linux-x86_64-debian-gcc, r-devel-linux-x86_64-fedora-clang, r-devel-linux-x86_64-fedora-gcc, r-devel-windows-x86_64, r-patched-linux-x86_64, r-release-linux-x86_64, r-release-macos-arm64, r-release-macos-x86_64, r-release-windows-x86_64, r-oldrel-macos-arm64, r-oldrel-macos-x86_64, r-oldrel-windows-ix86+x86_64