CRAN Package Check Results for Package ggTimeSeries

Last updated on 2024-05-27 02:48:04 CEST.

Flavor Version Tinstall Tcheck Ttotal Status Flags
r-devel-linux-x86_64-debian-clang 1.0.2 7.00 76.60 83.60 NOTE
r-devel-linux-x86_64-debian-gcc 1.0.2 5.23 57.92 63.15 NOTE
r-devel-linux-x86_64-fedora-clang 1.0.2 108.43 NOTE
r-devel-linux-x86_64-fedora-gcc 1.0.2 110.13 NOTE
r-devel-windows-x86_64 1.0.2 8.00 75.00 83.00 NOTE
r-patched-linux-x86_64 1.0.2 6.26 73.76 80.02 NOTE
r-release-linux-x86_64 1.0.2 5.84 73.21 79.05 NOTE
r-release-macos-arm64 1.0.2 38.00 NOTE
r-release-windows-x86_64 1.0.2 8.00 75.00 83.00 NOTE
r-oldrel-macos-arm64 1.0.2 38.00 NOTE
r-oldrel-macos-x86_64 1.0.2 61.00 NOTE
r-oldrel-windows-x86_64 1.0.2 10.00 89.00 99.00 NOTE

Check Details

Version: 1.0.2
Check: package subdirectories
Result: NOTE Problems with news in ‘NEWS.md’: Cannot extract version info from the following section titles: Win CRAN check results - R Windows Flavors: r-devel-linux-x86_64-debian-clang, r-devel-linux-x86_64-debian-gcc, r-devel-linux-x86_64-fedora-clang, r-devel-linux-x86_64-fedora-gcc, r-devel-windows-x86_64, r-patched-linux-x86_64, r-release-linux-x86_64, r-release-macos-arm64, r-release-windows-x86_64, r-oldrel-macos-arm64, r-oldrel-macos-x86_64, r-oldrel-windows-x86_64