CRAN Package Check Results for Package ggamma

Last updated on 2022-01-29 07:53:17 CET.

Flavor Version Tinstall Tcheck Ttotal Status Flags
r-devel-linux-x86_64-debian-clang 1.0.1 1.99 35.00 36.99 NOTE
r-devel-linux-x86_64-debian-gcc 1.0.1 1.44 27.44 28.88 NOTE
r-devel-linux-x86_64-fedora-clang 1.0.1 45.29 NOTE
r-devel-linux-x86_64-fedora-gcc 1.0.1 34.59 NOTE
r-devel-windows-x86_64-new-UL 1.0.1 15.00 59.00 74.00 NOTE
r-devel-windows-x86_64-new-TK 1.0.1 NOTE
r-patched-linux-x86_64 1.0.1 NOTE
r-release-linux-x86_64 1.0.1 1.84 33.26 35.10 NOTE
r-release-macos-arm64 1.0.1 NOTE
r-release-macos-x86_64 1.0.1 NOTE
r-release-windows-ix86+x86_64 1.0.1 4.00 44.00 48.00 NOTE
r-oldrel-macos-x86_64 1.0.1 OK
r-oldrel-windows-ix86+x86_64 1.0.1 5.00 44.00 49.00 OK

Check Details

Version: 1.0.1
Check: LazyData
Result: NOTE
     'LazyData' is specified without a 'data' directory
Flavors: r-devel-linux-x86_64-debian-clang, r-devel-linux-x86_64-debian-gcc, r-devel-linux-x86_64-fedora-clang, r-devel-linux-x86_64-fedora-gcc, r-devel-windows-x86_64-new-UL, r-devel-windows-x86_64-new-TK, r-patched-linux-x86_64, r-release-linux-x86_64, r-release-macos-arm64, r-release-macos-x86_64, r-release-windows-ix86+x86_64