CRAN Package Check Results for Package ggformula

Last updated on 2022-01-24 17:49:56 CET.

Flavor Version Tinstall Tcheck Ttotal Status Flags
r-devel-linux-x86_64-debian-clang 0.10.1 22.40 288.60 311.00 OK
r-devel-linux-x86_64-debian-gcc 0.10.1 16.48 206.02 222.50 OK
r-devel-linux-x86_64-fedora-clang 0.10.1 353.21 NOTE
r-devel-linux-x86_64-fedora-gcc 0.10.1 350.49 OK
r-devel-windows-x86_64-new-UL 0.10.1 318.00 332.00 650.00 OK
r-devel-windows-x86_64-new-TK 0.10.1 OK
r-patched-linux-x86_64 0.10.1 37.72 251.08 288.80 OK
r-release-linux-x86_64 0.10.1 16.89 248.88 265.77 OK
r-release-macos-arm64 0.10.1 OK
r-release-macos-x86_64 0.10.1 OK
r-release-windows-ix86+x86_64 0.10.1 39.00 298.00 337.00 OK
r-oldrel-macos-x86_64 0.10.1 OK
r-oldrel-windows-ix86+x86_64 0.10.1 38.00 298.00 336.00 OK

Check Details

Version: 0.10.1
Check: Rd cross-references
Result: NOTE
    Undeclared package ‘quantreg’ in Rd xrefs
Flavor: r-devel-linux-x86_64-fedora-clang