CRAN Package Check Results for Package ggparty

Last updated on 2022-01-25 17:53:38 CET.

Flavor Version Tinstall Tcheck Ttotal Status Flags
r-devel-linux-x86_64-debian-clang 1.0.0 10.88 263.64 274.52 NOTE
r-devel-linux-x86_64-debian-gcc 1.0.0 10.55 181.21 191.76 NOTE
r-devel-linux-x86_64-fedora-clang 1.0.0 295.67 NOTE
r-devel-linux-x86_64-fedora-gcc 1.0.0 287.95 NOTE
r-devel-windows-x86_64-new-UL 1.0.0 38.00 268.00 306.00 NOTE
r-devel-windows-x86_64-new-TK 1.0.0 ERROR
r-patched-linux-x86_64 1.0.0 11.99 228.06 240.05 NOTE
r-release-linux-x86_64 1.0.0 8.14 229.56 237.70 NOTE
r-release-macos-arm64 1.0.0 NOTE
r-release-macos-x86_64 1.0.0 NOTE
r-release-windows-ix86+x86_64 1.0.0 26.00 261.00 287.00 NOTE
r-oldrel-macos-x86_64 1.0.0 NOTE
r-oldrel-windows-ix86+x86_64 1.0.0 26.00 263.00 289.00 OK

Check Details

Version: 1.0.0
Check: LazyData
Result: NOTE
     'LazyData' is specified without a 'data' directory
Flavors: r-devel-linux-x86_64-debian-clang, r-devel-linux-x86_64-debian-gcc, r-devel-linux-x86_64-fedora-clang, r-devel-linux-x86_64-fedora-gcc, r-devel-windows-x86_64-new-UL, r-devel-windows-x86_64-new-TK, r-patched-linux-x86_64, r-release-linux-x86_64, r-release-macos-arm64, r-release-macos-x86_64, r-release-windows-ix86+x86_64

Version: 1.0.0
Check: dependencies in R code
Result: NOTE
    Namespace in Imports field not imported from: ‘survival’
     All declared Imports should be used.
Flavors: r-devel-linux-x86_64-fedora-clang, r-devel-linux-x86_64-fedora-gcc, r-devel-windows-x86_64-new-TK, r-release-macos-arm64, r-release-macos-x86_64, r-oldrel-macos-x86_64

Version: 1.0.0
Check: package dependencies
Result: NOTE
    Package suggested but not available for checking: 'AER'
Flavor: r-devel-windows-x86_64-new-TK

Version: 1.0.0
Check: examples
Result: ERROR
    Running examples in 'ggparty-Ex.R' failed
    The error most likely occurred in:
    
    > ### Name: geom_node_label
    > ### Title: Draw (multi-line) labels at nodes
    > ### Aliases: geom_node_label geom_node_info geom_node_splitvar
    >
    > ### ** Examples
    >
    > library(ggparty)
    > data("WeatherPlay", package = "partykit")
    > sp_o <- partysplit(1L, index = 1:3)
    > sp_h <- partysplit(3L, breaks = 75)
    > sp_w <- partysplit(4L, index = 1:2)
    > pn <- partynode(1L, split = sp_o, kids = list(
    + partynode(2L, split = sp_h, kids = list(
    + partynode(3L, info = "yes"),
    + partynode(4L, info = "no"))),
    + partynode(5L, info = "yes"),
    + partynode(6L, split = sp_w, kids = list(
    + partynode(7L, info = "yes"),
    + partynode(8L, info = "no")))))
    > py <- party(pn, WeatherPlay)
    >
    > ggparty(py) +
    + geom_edge() +
    + geom_edge_label() +
    + geom_node_label(aes(label = splitvar),
    + ids = "inner") +
    + geom_node_label(aes(label = info),
    + ids = "terminal")
    >
    > ######################################
    >
    > data("TeachingRatings", package = "AER")
    Error in find.package(package, lib.loc, verbose = verbose) :
     there is no package called 'AER'
    Calls: data -> find.package
    Execution halted
Flavor: r-devel-windows-x86_64-new-TK

Version: 1.0.0
Check: re-building of vignette outputs
Result: WARN
    Error(s) in re-building vignettes:
    --- re-building 'ggparty-graphic-partying.Rmd' using rmarkdown
    Quitting from lines 42-122 (ggparty-graphic-partying.Rmd)
    Error: processing vignette 'ggparty-graphic-partying.Rmd' failed with diagnostics:
    there is no package called 'AER'
    --- failed re-building 'ggparty-graphic-partying.Rmd'
    
    --- re-building 'on-the-edge.Rmd' using rmarkdown
    --- finished re-building 'on-the-edge.Rmd'
    
    SUMMARY: processing the following file failed:
     'ggparty-graphic-partying.Rmd'
    
    Error: Vignette re-building failed.
    Execution halted
Flavor: r-devel-windows-x86_64-new-TK