Last updated on 2022-05-20 17:50:25 CEST.
Flavor | Version | Tinstall | Tcheck | Ttotal | Status | Flags |
---|---|---|---|---|---|---|
r-devel-linux-x86_64-debian-clang | 1.0.1 | 7.21 | 79.82 | 87.03 | NOTE | |
r-devel-linux-x86_64-debian-gcc | 1.0.1 | 5.59 | 58.37 | 63.96 | NOTE | |
r-devel-linux-x86_64-fedora-clang | 1.0.1 | 99.80 | NOTE | |||
r-devel-linux-x86_64-fedora-gcc | 1.0.1 | 96.61 | NOTE | |||
r-devel-windows-x86_64 | 1.0.1 | 39.00 | 94.00 | 133.00 | NOTE | |
r-patched-linux-x86_64 | 1.0.1 | 6.50 | 73.69 | 80.19 | NOTE | |
r-release-linux-x86_64 | 1.0.1 | 5.51 | 74.04 | 79.55 | NOTE | |
r-release-macos-arm64 | 1.0.1 | 27.00 | NOTE | |||
r-release-macos-x86_64 | 1.0.1 | 48.00 | NOTE | |||
r-release-windows-x86_64 | 1.0.1 | 38.00 | 98.00 | 136.00 | NOTE | |
r-oldrel-macos-arm64 | 1.0.1 | 36.00 | NOTE | |||
r-oldrel-macos-x86_64 | 1.0.1 | 48.00 | NOTE | |||
r-oldrel-windows-ix86+x86_64 | 1.0.1 | 16.00 | 87.00 | 103.00 | NOTE |
Version: 1.0.1
Check: LazyData
Result: NOTE
'LazyData' is specified without a 'data' directory
Flavors: r-devel-linux-x86_64-debian-clang, r-devel-linux-x86_64-debian-gcc, r-devel-linux-x86_64-fedora-clang, r-devel-linux-x86_64-fedora-gcc, r-devel-windows-x86_64, r-patched-linux-x86_64, r-release-linux-x86_64, r-release-macos-arm64, r-release-macos-x86_64, r-release-windows-x86_64, r-oldrel-macos-arm64, r-oldrel-macos-x86_64, r-oldrel-windows-ix86+x86_64