CRAN Package Check Results for Package ggplot.multistats

Last updated on 2022-05-27 03:54:46 CEST.

Flavor Version Tinstall Tcheck Ttotal Status Flags
r-devel-linux-x86_64-debian-clang 1.0.0 4.91 64.99 69.90 NOTE
r-devel-linux-x86_64-debian-gcc 1.0.0 4.51 48.45 52.96 NOTE
r-devel-linux-x86_64-fedora-clang 1.0.0 82.42 NOTE
r-devel-linux-x86_64-fedora-gcc 1.0.0 80.55 NOTE
r-devel-windows-x86_64 1.0.0 20.00 86.00 106.00 NOTE
r-patched-linux-x86_64 1.0.0 10.00 61.39 71.39 NOTE
r-release-linux-x86_64 1.0.0 5.63 60.58 66.21 NOTE
r-release-macos-arm64 1.0.0 23.00 NOTE
r-release-macos-x86_64 1.0.0 41.00 NOTE
r-release-windows-x86_64 1.0.0 43.00 88.00 131.00 NOTE
r-oldrel-macos-arm64 1.0.0 27.00 NOTE
r-oldrel-macos-x86_64 1.0.0 40.00 NOTE
r-oldrel-windows-ix86+x86_64 1.0.0 16.00 73.00 89.00 NOTE

Check Details

Version: 1.0.0
Check: LazyData
Result: NOTE
     'LazyData' is specified without a 'data' directory
Flavors: r-devel-linux-x86_64-debian-clang, r-devel-linux-x86_64-debian-gcc, r-devel-linux-x86_64-fedora-clang, r-devel-linux-x86_64-fedora-gcc, r-devel-windows-x86_64, r-patched-linux-x86_64, r-release-linux-x86_64, r-release-macos-arm64, r-release-macos-x86_64, r-release-windows-x86_64, r-oldrel-macos-arm64, r-oldrel-macos-x86_64, r-oldrel-windows-ix86+x86_64