CRAN Package Check Results for Package ggplotAssist

Last updated on 2024-05-26 19:52:32 CEST.

Flavor Version Tinstall Tcheck Ttotal Status Flags
r-devel-linux-x86_64-debian-clang 0.1.3 9.27 76.98 86.25 NOTE
r-devel-linux-x86_64-debian-gcc 0.1.3 7.63 57.70 65.33 NOTE
r-devel-linux-x86_64-fedora-clang 0.1.3 117.72 NOTE
r-devel-linux-x86_64-fedora-gcc 0.1.3 120.57 NOTE
r-devel-windows-x86_64 0.1.3 10.00 75.00 85.00 NOTE
r-patched-linux-x86_64 0.1.3 6.63 73.44 80.07 NOTE
r-release-linux-x86_64 0.1.3 6.44 73.87 80.31 NOTE
r-release-macos-arm64 0.1.3 37.00 NOTE
r-release-windows-x86_64 0.1.3 10.00 76.00 86.00 NOTE
r-oldrel-macos-arm64 0.1.3 42.00 NOTE
r-oldrel-macos-x86_64 0.1.3 75.00 NOTE
r-oldrel-windows-x86_64 0.1.3 13.00 86.00 99.00 NOTE

Check Details

Version: 0.1.3
Check: LazyData
Result: NOTE 'LazyData' is specified without a 'data' directory Flavors: r-devel-linux-x86_64-debian-clang, r-devel-linux-x86_64-debian-gcc, r-devel-linux-x86_64-fedora-clang, r-devel-linux-x86_64-fedora-gcc, r-devel-windows-x86_64, r-patched-linux-x86_64, r-release-linux-x86_64, r-release-macos-arm64, r-release-windows-x86_64, r-oldrel-macos-arm64, r-oldrel-macos-x86_64, r-oldrel-windows-x86_64

Version: 0.1.3
Check: dependencies in R code
Result: NOTE Namespaces in Imports field not imported from: ‘gcookbook’ ‘ggthemes’ ‘moonBook’ ‘tidyverse’ All declared Imports should be used. Flavors: r-devel-linux-x86_64-fedora-clang, r-devel-linux-x86_64-fedora-gcc