CRAN Package Check Results for Package ggplotgui

Last updated on 2022-05-17 02:53:10 CEST.

Flavor Version Tinstall Tcheck Ttotal Status Flags
r-devel-linux-x86_64-debian-clang 1.0.0 8.30 82.63 90.93 NOTE
r-devel-linux-x86_64-debian-gcc 1.0.0 5.45 61.66 67.11 NOTE
r-devel-linux-x86_64-fedora-clang 1.0.0 104.06 NOTE
r-devel-linux-x86_64-fedora-gcc 1.0.0 101.44 NOTE
r-devel-windows-x86_64 1.0.0 15.00 94.00 109.00 NOTE
r-patched-linux-x86_64 1.0.0 5.34 76.34 81.68 NOTE
r-release-linux-x86_64 1.0.0 5.35 75.58 80.93 NOTE
r-release-macos-arm64 1.0.0 31.00 NOTE
r-release-macos-x86_64 1.0.0 49.00 NOTE
r-release-windows-x86_64 1.0.0 11.00 95.00 106.00 NOTE
r-oldrel-macos-arm64 1.0.0 38.00 NOTE
r-oldrel-macos-x86_64 1.0.0 49.00 NOTE
r-oldrel-windows-ix86+x86_64 1.0.0 22.00 92.00 114.00 NOTE

Check Details

Version: 1.0.0
Check: LazyData
Result: NOTE
     'LazyData' is specified without a 'data' directory
Flavors: r-devel-linux-x86_64-debian-clang, r-devel-linux-x86_64-debian-gcc, r-devel-linux-x86_64-fedora-clang, r-devel-linux-x86_64-fedora-gcc, r-devel-windows-x86_64, r-patched-linux-x86_64, r-release-linux-x86_64, r-release-macos-arm64, r-release-macos-x86_64, r-release-windows-x86_64, r-oldrel-macos-arm64, r-oldrel-macos-x86_64, r-oldrel-windows-ix86+x86_64