CRAN Package Check Results for Package ggpol

Last updated on 2022-05-22 07:53:13 CEST.

Flavor Version Tinstall Tcheck Ttotal Status Flags
r-devel-linux-x86_64-debian-clang 0.0.7 10.24 75.26 85.50 NOTE
r-devel-linux-x86_64-debian-gcc 0.0.7 7.19 56.38 63.57 NOTE
r-devel-linux-x86_64-fedora-clang 0.0.7 99.52 NOTE
r-devel-linux-x86_64-fedora-gcc 0.0.7 97.87 NOTE
r-devel-windows-x86_64 0.0.7 23.00 89.00 112.00 NOTE
r-patched-linux-x86_64 0.0.7 10.74 69.20 79.94 NOTE
r-release-linux-x86_64 0.0.7 8.61 70.55 79.16 NOTE
r-release-macos-arm64 0.0.7 27.00 NOTE
r-release-macos-x86_64 0.0.7 47.00 NOTE
r-release-windows-x86_64 0.0.7 28.00 90.00 118.00 NOTE
r-oldrel-macos-arm64 0.0.7 29.00 NOTE
r-oldrel-macos-x86_64 0.0.7 48.00 NOTE
r-oldrel-windows-ix86+x86_64 0.0.7 22.00 84.00 106.00 NOTE

Check Details

Version: 0.0.7
Check: LazyData
Result: NOTE
     'LazyData' is specified without a 'data' directory
Flavors: r-devel-linux-x86_64-debian-clang, r-devel-linux-x86_64-debian-gcc, r-devel-linux-x86_64-fedora-clang, r-devel-linux-x86_64-fedora-gcc, r-devel-windows-x86_64, r-patched-linux-x86_64, r-release-linux-x86_64, r-release-macos-arm64, r-release-macos-x86_64, r-release-windows-x86_64, r-oldrel-macos-arm64, r-oldrel-macos-x86_64, r-oldrel-windows-ix86+x86_64

Version: 0.0.7
Check: dependencies in R code
Result: NOTE
    Namespaces in Imports field not imported from:
     ‘dplyr’ ‘grDevices’
     All declared Imports should be used.
Flavors: r-devel-linux-x86_64-fedora-clang, r-devel-linux-x86_64-fedora-gcc, r-release-macos-arm64, r-release-macos-x86_64, r-oldrel-macos-arm64, r-oldrel-macos-x86_64