CRAN Package Check Results for Package ggpubr

Last updated on 2022-01-24 00:47:35 CET.

Flavor Version Tinstall Tcheck Ttotal Status Flags
r-devel-linux-x86_64-debian-clang 0.4.0 13.95 230.34 244.29 OK
r-devel-linux-x86_64-debian-gcc 0.4.0 11.83 179.49 191.32 OK
r-devel-linux-x86_64-fedora-clang 0.4.0 280.87 OK
r-devel-linux-x86_64-fedora-gcc 0.4.0 264.01 OK
r-devel-windows-x86_64-new-UL 0.4.0 86.00 239.00 325.00 OK
r-devel-windows-x86_64-new-TK 0.4.0 ERROR
r-patched-linux-x86_64 0.4.0 20.16 207.98 228.14 OK
r-release-linux-x86_64 0.4.0 13.77 206.53 220.30 OK
r-release-macos-arm64 0.4.0 OK
r-release-macos-x86_64 0.4.0 OK
r-release-windows-ix86+x86_64 0.4.0 30.00 254.00 284.00 OK
r-oldrel-macos-x86_64 0.4.0 OK
r-oldrel-windows-ix86+x86_64 0.4.0 30.00 244.00 274.00 OK

Check Details

Version: 0.4.0
Check: package dependencies
Result: ERROR
    Package required but not available: 'rstatix'
    
    See section 'The DESCRIPTION file' in the 'Writing R Extensions'
    manual.
Flavor: r-devel-windows-x86_64-new-TK