CRAN Package Check Results for Package ggquickeda

Last updated on 2022-01-21 04:50:45 CET.

Flavor Version Tinstall Tcheck Ttotal Status Flags
r-devel-linux-x86_64-debian-clang 0.2.1 OK
r-devel-linux-x86_64-debian-gcc 0.2.1 5.26 53.64 58.90 OK
r-devel-linux-x86_64-fedora-clang 0.2.1 93.82 NOTE
r-devel-linux-x86_64-fedora-gcc 0.2.1 79.30 NOTE
r-devel-windows-x86_64-new-UL 0.2.1 64.00 106.00 170.00 OK
r-devel-windows-x86_64-new-TK 0.2.1 NOTE
r-patched-linux-x86_64 0.2.1 12.45 67.91 80.36 OK
r-release-linux-x86_64 0.2.1 6.18 68.63 74.81 OK
r-release-macos-arm64 0.2.1 NOTE
r-release-macos-x86_64 0.2.1 NOTE
r-release-windows-ix86+x86_64 0.2.1 20.00 90.00 110.00 OK
r-oldrel-macos-x86_64 0.2.1 NOTE
r-oldrel-windows-ix86+x86_64 0.2.1 14.00 88.00 102.00 OK

Check Details

Version: 0.2.1
Check: package dependencies
Result: NOTE
    Imports includes 29 non-default packages.
    Importing from so many packages makes the package vulnerable to any of
    them becoming unavailable. Move as many as possible to Suggests and
    use conditionally.
Flavor: r-devel-linux-x86_64-fedora-clang

Version: 0.2.1
Check: dependencies in R code
Result: NOTE
    Namespaces in Imports field not imported from:
     ‘DT’ ‘Formula’ ‘GGally’ ‘Hmisc’ ‘RPostgres’ ‘colourpicker’ ‘dplyr’
     ‘ggpmisc’ ‘ggpubr’ ‘ggrepel’ ‘gridExtra’ ‘markdown’ ‘plotly’
     ‘quantreg’ ‘rlang’ ‘shinyFiles’ ‘shinyjqui’ ‘shinyjs’ ‘survival’
     ‘survminer’ ‘table1’ ‘tidyr’ ‘zoo’
     All declared Imports should be used.
Flavors: r-devel-linux-x86_64-fedora-clang, r-devel-linux-x86_64-fedora-gcc, r-devel-windows-x86_64-new-TK, r-release-macos-arm64, r-release-macos-x86_64, r-oldrel-macos-x86_64