Last updated on 2022-05-22 21:53:50 CEST.
Flavor | Version | Tinstall | Tcheck | Ttotal | Status | Flags |
---|---|---|---|---|---|---|
r-devel-linux-x86_64-debian-clang | 0.4.0 | 6.32 | 69.21 | 75.53 | NOTE | |
r-devel-linux-x86_64-debian-gcc | 0.4.0 | 5.36 | 50.56 | 55.92 | NOTE | |
r-devel-linux-x86_64-fedora-clang | 0.4.0 | 89.61 | NOTE | |||
r-devel-linux-x86_64-fedora-gcc | 0.4.0 | 85.93 | NOTE | |||
r-devel-windows-x86_64 | 0.4.0 | 17.00 | 81.00 | 98.00 | NOTE | |
r-patched-linux-x86_64 | 0.4.0 | 6.40 | 64.56 | 70.96 | NOTE | |
r-release-linux-x86_64 | 0.4.0 | 6.51 | 62.51 | 69.02 | NOTE | |
r-release-macos-arm64 | 0.4.0 | 25.00 | NOTE | |||
r-release-macos-x86_64 | 0.4.0 | 50.00 | NOTE | |||
r-release-windows-x86_64 | 0.4.0 | 12.00 | 82.00 | 94.00 | NOTE | |
r-oldrel-macos-arm64 | 0.4.0 | 27.00 | NOTE | |||
r-oldrel-macos-x86_64 | 0.4.0 | 52.00 | NOTE | |||
r-oldrel-windows-ix86+x86_64 | 0.4.0 | 18.00 | 73.00 | 91.00 | NOTE |
Version: 0.4.0
Check: LazyData
Result: NOTE
'LazyData' is specified without a 'data' directory
Flavors: r-devel-linux-x86_64-debian-clang, r-devel-linux-x86_64-debian-gcc, r-devel-linux-x86_64-fedora-clang, r-devel-linux-x86_64-fedora-gcc, r-devel-windows-x86_64, r-patched-linux-x86_64, r-release-linux-x86_64, r-release-macos-arm64, r-release-macos-x86_64, r-release-windows-x86_64, r-oldrel-macos-arm64, r-oldrel-macos-x86_64, r-oldrel-windows-ix86+x86_64