CRAN Package Check Results for Package ggspatial

Last updated on 2022-05-21 00:50:56 CEST.

Flavor Version Tinstall Tcheck Ttotal Status Flags
r-devel-linux-x86_64-debian-clang 1.1.5 12.73 169.55 182.28 NOTE
r-devel-linux-x86_64-debian-gcc 1.1.5 10.91 123.68 134.59 NOTE
r-devel-linux-x86_64-fedora-clang 1.1.5 200.38 NOTE
r-devel-linux-x86_64-fedora-gcc 1.1.5 196.12 NOTE
r-devel-windows-x86_64 1.1.5 119.00 191.00 310.00 NOTE
r-patched-linux-x86_64 1.1.5 18.82 157.45 176.27 NOTE
r-release-linux-x86_64 1.1.5 13.17 158.85 172.02 NOTE
r-release-macos-arm64 1.1.5 57.00 NOTE
r-release-macos-x86_64 1.1.5 125.00 NOTE
r-release-windows-x86_64 1.1.5 125.00 196.00 321.00 NOTE
r-oldrel-macos-arm64 1.1.5 59.00 NOTE
r-oldrel-macos-x86_64 1.1.5 166.00 NOTE
r-oldrel-windows-ix86+x86_64 1.1.5 27.00 192.00 219.00 NOTE

Check Details

Version: 1.1.5
Check: LazyData
Result: NOTE
     'LazyData' is specified without a 'data' directory
Flavors: r-devel-linux-x86_64-debian-clang, r-devel-linux-x86_64-debian-gcc, r-devel-linux-x86_64-fedora-clang, r-devel-linux-x86_64-fedora-gcc, r-devel-windows-x86_64, r-patched-linux-x86_64, r-release-linux-x86_64, r-release-macos-arm64, r-release-macos-x86_64, r-release-windows-x86_64, r-oldrel-macos-arm64, r-oldrel-macos-x86_64, r-oldrel-windows-ix86+x86_64