Last updated on 2022-05-21 23:50:59 CEST.
Flavor | Version | Tinstall | Tcheck | Ttotal | Status | Flags |
---|---|---|---|---|---|---|
r-devel-linux-x86_64-debian-clang | 3.0.0 | 21.31 | 324.53 | 345.84 | OK | |
r-devel-linux-x86_64-debian-gcc | 3.0.0 | 16.68 | 233.99 | 250.67 | OK | |
r-devel-linux-x86_64-fedora-clang | 3.0.0 | 419.21 | NOTE | |||
r-devel-linux-x86_64-fedora-gcc | 3.0.0 | 404.40 | NOTE | |||
r-devel-windows-x86_64 | 3.0.0 | 25.00 | 373.00 | 398.00 | OK | |
r-patched-linux-x86_64 | 3.0.0 | 18.51 | 316.47 | 334.98 | OK | |
r-release-linux-x86_64 | 3.0.0 | 20.02 | 311.45 | 331.47 | OK | |
r-release-macos-arm64 | 3.0.0 | 148.00 | NOTE | |||
r-release-macos-x86_64 | 3.0.0 | 206.00 | NOTE | |||
r-release-windows-x86_64 | 3.0.0 | 25.00 | 382.00 | 407.00 | OK | |
r-oldrel-macos-arm64 | 3.0.0 | 102.00 | NOTE | |||
r-oldrel-macos-x86_64 | 3.0.0 | 160.00 | NOTE | |||
r-oldrel-windows-ix86+x86_64 | 3.0.0 | 52.00 | 459.00 | 511.00 | NOTE |
Version: 3.0.0
Check: dependencies in R code
Result: NOTE
Namespaces in Imports field not imported from:
‘MASS’ ‘graphics’ ‘refund’ ‘stats’ ‘utils’
All declared Imports should be used.
Flavors: r-devel-linux-x86_64-fedora-clang, r-devel-linux-x86_64-fedora-gcc, r-release-macos-arm64, r-release-macos-x86_64, r-oldrel-macos-arm64, r-oldrel-macos-x86_64
Version: 3.0.0
Check: installed package size
Result: NOTE
installed size is 5.5Mb
sub-directories of 1Mb or more:
data 1.6Mb
doc 1.8Mb
libs 2.0Mb
Flavor: r-oldrel-windows-ix86+x86_64