CRAN Package Check Results for Package giphyr

Last updated on 2022-05-22 20:49:12 CEST.

Flavor Version Tinstall Tcheck Ttotal Status Flags
r-devel-linux-x86_64-debian-clang 0.2.0 5.70 67.97 73.67 NOTE
r-devel-linux-x86_64-debian-gcc 0.2.0 5.02 50.99 56.01 NOTE
r-devel-linux-x86_64-fedora-clang 0.2.0 87.58 NOTE
r-devel-linux-x86_64-fedora-gcc 0.2.0 86.33 NOTE
r-devel-windows-x86_64 0.2.0 12.00 86.00 98.00 NOTE
r-patched-linux-x86_64 0.2.0 6.61 63.28 69.89 NOTE
r-release-linux-x86_64 0.2.0 5.18 63.90 69.08 NOTE
r-release-macos-arm64 0.2.0 26.00 NOTE
r-release-macos-x86_64 0.2.0 50.00 NOTE
r-release-windows-x86_64 0.2.0 13.00 90.00 103.00 NOTE
r-oldrel-macos-arm64 0.2.0 26.00 NOTE
r-oldrel-macos-x86_64 0.2.0 49.00 NOTE
r-oldrel-windows-ix86+x86_64 0.2.0 17.00 79.00 96.00 NOTE

Check Details

Version: 0.2.0
Check: LazyData
Result: NOTE
     'LazyData' is specified without a 'data' directory
Flavors: r-devel-linux-x86_64-debian-clang, r-devel-linux-x86_64-debian-gcc, r-devel-linux-x86_64-fedora-clang, r-devel-linux-x86_64-fedora-gcc, r-devel-windows-x86_64, r-patched-linux-x86_64, r-release-linux-x86_64, r-release-macos-arm64, r-release-macos-x86_64, r-release-windows-x86_64, r-oldrel-macos-arm64, r-oldrel-macos-x86_64, r-oldrel-windows-ix86+x86_64