Last updated on 2023-05-30 17:00:06 CEST.
Flavor | Version | Tinstall | Tcheck | Ttotal | Status | Flags |
---|---|---|---|---|---|---|
r-devel-linux-x86_64-debian-clang | 1.0.1 | 6.80 | 79.39 | 86.19 | NOTE | |
r-devel-linux-x86_64-debian-gcc | 1.0.1 | 4.56 | 60.92 | 65.48 | NOTE | |
r-devel-linux-x86_64-fedora-clang | 1.0.1 | 108.90 | NOTE | |||
r-devel-linux-x86_64-fedora-gcc | 1.0.1 | 115.39 | NOTE | |||
r-devel-windows-x86_64 | 1.0.1 | 8.00 | 79.00 | 87.00 | NOTE | |
r-patched-linux-x86_64 | 1.0.1 | 4.63 | 74.47 | 79.10 | NOTE | |
r-release-linux-x86_64 | 1.0.1 | 6.30 | 74.78 | 81.08 | NOTE | |
r-release-macos-arm64 | 1.0.1 | 38.00 | NOTE | |||
r-release-macos-x86_64 | 1.0.1 | 63.00 | NOTE | |||
r-release-windows-x86_64 | 1.0.1 | 9.00 | 91.00 | 100.00 | NOTE | |
r-oldrel-macos-arm64 | 1.0.1 | 37.00 | NOTE | |||
r-oldrel-macos-x86_64 | 1.0.1 | 74.00 | NOTE | |||
r-oldrel-windows-x86_64 | 1.0.1 | 9.00 | 100.00 | 109.00 | NOTE |
Version: 1.0.1
Check: LazyData
Result: NOTE
'LazyData' is specified without a 'data' directory
Flavors: r-devel-linux-x86_64-debian-clang, r-devel-linux-x86_64-debian-gcc, r-devel-linux-x86_64-fedora-clang, r-devel-linux-x86_64-fedora-gcc, r-devel-windows-x86_64, r-patched-linux-x86_64, r-release-linux-x86_64, r-release-macos-arm64, r-release-macos-x86_64, r-release-windows-x86_64, r-oldrel-macos-arm64, r-oldrel-macos-x86_64, r-oldrel-windows-x86_64