CRAN Package Check Results for Package glancedata

Last updated on 2022-05-29 03:52:11 CEST.

Flavor Version Tinstall Tcheck Ttotal Status Flags
r-devel-linux-x86_64-debian-clang 1.0.1 7.45 103.24 110.69 NOTE
r-devel-linux-x86_64-debian-gcc 1.0.1 5.50 77.46 82.96 NOTE
r-devel-linux-x86_64-fedora-clang 1.0.1 128.06 NOTE
r-devel-linux-x86_64-fedora-gcc 1.0.1 129.64 NOTE
r-devel-windows-x86_64 1.0.1 30.00 127.00 157.00 NOTE
r-patched-linux-x86_64 1.0.1 4.78 98.43 103.21 NOTE
r-release-linux-x86_64 1.0.1 4.98 98.25 103.23 NOTE
r-release-macos-arm64 1.0.1 37.00 NOTE
r-release-macos-x86_64 1.0.1 74.00 NOTE
r-release-windows-x86_64 1.0.1 33.00 135.00 168.00 NOTE
r-oldrel-macos-arm64 1.0.1 36.00 NOTE
r-oldrel-macos-x86_64 1.0.1 62.00 NOTE
r-oldrel-windows-ix86+x86_64 1.0.1 19.00 105.00 124.00 NOTE

Check Details

Version: 1.0.1
Check: LazyData
Result: NOTE
     'LazyData' is specified without a 'data' directory
Flavors: r-devel-linux-x86_64-debian-clang, r-devel-linux-x86_64-debian-gcc, r-devel-linux-x86_64-fedora-clang, r-devel-linux-x86_64-fedora-gcc, r-devel-windows-x86_64, r-patched-linux-x86_64, r-release-linux-x86_64, r-release-macos-arm64, r-release-macos-x86_64, r-release-windows-x86_64, r-oldrel-macos-arm64, r-oldrel-macos-x86_64, r-oldrel-windows-ix86+x86_64