Last updated on 2022-05-19 19:49:29 CEST.
Flavor | Version | Tinstall | Tcheck | Ttotal | Status | Flags |
---|---|---|---|---|---|---|
r-devel-linux-x86_64-debian-clang | 2.6.4 | 6.45 | 56.45 | 62.90 | NOTE | |
r-devel-linux-x86_64-debian-gcc | 2.6.4 | 4.88 | 43.03 | 47.91 | NOTE | |
r-devel-linux-x86_64-fedora-clang | 2.6.4 | 76.59 | OK | |||
r-devel-linux-x86_64-fedora-gcc | 2.6.4 | 76.33 | OK | |||
r-devel-windows-x86_64 | 2.6.4 | 29.00 | 76.00 | 105.00 | OK | |
r-patched-linux-x86_64 | 2.6.4 | 9.10 | 54.84 | 63.94 | OK | |
r-release-linux-x86_64 | 2.6.4 | 7.47 | 54.63 | 62.10 | OK | |
r-release-macos-arm64 | 2.6.4 | 25.00 | OK | |||
r-release-macos-x86_64 | 2.6.4 | 32.00 | OK | |||
r-release-windows-x86_64 | 2.6.4 | 21.00 | 77.00 | 98.00 | OK | |
r-oldrel-macos-arm64 | 2.6.4 | 21.00 | OK | |||
r-oldrel-macos-x86_64 | 2.6.4 | 36.00 | OK | |||
r-oldrel-windows-ix86+x86_64 | 2.6.4 | 20.00 | 95.00 | 115.00 | OK |
Version: 2.6.4
Check: HTML version of manual
Result: NOTE
Found the following problems:
GeneralisedLambdaDistribution.Rd:77:4: Warning: nested emphasis <em>
fit.gpd.Rd:152:38: Warning: nested emphasis <code>
fit.gpd.Rd:156:38: Warning: nested emphasis <code>
fit.gpd.Rd:160:38: Warning: nested emphasis <code>
fit.gpd.Rd:164:38: Warning: nested emphasis <code>
gl.check.lambda.Rd:54:4: Warning: nested emphasis <em>
plotgl.Rd:61:4: Warning: nested emphasis <em>
qqgl.Rd:61:4: Warning: nested emphasis <em>
Flavors: r-devel-linux-x86_64-debian-clang, r-devel-linux-x86_64-debian-gcc