CRAN Package Check Results for Package glmmrBase

Last updated on 2023-02-01 10:51:49 CET.

Flavor Version Tinstall Tcheck Ttotal Status Flags
r-devel-linux-x86_64-debian-clang 0.2.3 30.98 78.07 109.05 NOTE
r-devel-linux-x86_64-debian-gcc 0.2.3 29.72 59.81 89.53 NOTE
r-devel-linux-x86_64-fedora-clang 0.2.3 154.81 NOTE
r-devel-linux-x86_64-fedora-gcc 0.2.3 152.74 NOTE
r-devel-windows-x86_64 0.2.3 52.00 132.00 184.00 NOTE
r-patched-linux-x86_64 0.2.3 34.94 74.91 109.85 OK
r-release-linux-x86_64 0.2.3 31.88 73.45 105.33 OK
r-release-macos-arm64 0.2.3 38.00 NOTE
r-release-macos-x86_64 0.2.3 58.00 NOTE
r-release-windows-x86_64 0.2.3 48.00 130.00 178.00 OK
r-oldrel-macos-arm64 0.2.3 39.00 NOTE
r-oldrel-macos-x86_64 0.2.3 58.00 NOTE
r-oldrel-windows-ix86+x86_64 0.2.3 88.00 138.00 226.00 OK

Check Details

Version: 0.2.3
Check: C++ specification
Result: NOTE
     Specified C++14: please update to current default of C++17
Flavors: r-devel-linux-x86_64-debian-clang, r-devel-linux-x86_64-debian-gcc, r-devel-linux-x86_64-fedora-clang, r-devel-linux-x86_64-fedora-gcc, r-devel-windows-x86_64

Version: 0.2.3
Check: dependencies in R code
Result: NOTE
    Namespace in Imports field not imported from: ‘digest’
     All declared Imports should be used.
Flavors: r-devel-linux-x86_64-fedora-clang, r-devel-linux-x86_64-fedora-gcc, r-release-macos-arm64, r-release-macos-x86_64, r-oldrel-macos-arm64, r-oldrel-macos-x86_64