Last updated on 2023-11-30 15:48:17 CET.
Flavor | Version | Tinstall | Tcheck | Ttotal | Status | Flags |
---|---|---|---|---|---|---|
r-devel-linux-x86_64-debian-clang | 0.5.3 | 591.06 | 80.16 | 671.22 | OK | |
r-devel-linux-x86_64-debian-gcc | 0.5.3 | 481.03 | 80.53 | 561.56 | OK | |
r-devel-linux-x86_64-fedora-clang | 0.5.3 | 837.75 | OK | |||
r-devel-linux-x86_64-fedora-gcc | 0.5.3 | 1146.49 | OK | |||
r-devel-windows-x86_64 | 0.5.3 | 305.00 | 133.00 | 438.00 | OK | |
r-patched-linux-x86_64 | 0.5.3 | 532.54 | 104.28 | 636.82 | OK | |
r-release-linux-x86_64 | 0.5.3 | 582.19 | 102.59 | 684.78 | OK | |
r-release-macos-arm64 | 0.5.3 | 192.00 | NOTE | |||
r-release-macos-x86_64 | 0.5.3 | 198.00 | NOTE | |||
r-release-windows-x86_64 | 0.5.3 | 521.00 | 166.00 | 687.00 | OK | |
r-oldrel-macos-arm64 | 0.5.3 | 191.00 | NOTE | |||
r-oldrel-macos-x86_64 | 0.4.6 | 180.00 | NOTE | |||
r-oldrel-windows-x86_64 | 0.5.3 | 501.00 | 154.00 | 655.00 | OK |
Version: 0.5.3
Check: installed package size
Result: NOTE
installed size is 55.5Mb
sub-directories of 1Mb or more:
libs 54.7Mb
Flavors: r-release-macos-arm64, r-release-macos-x86_64, r-oldrel-macos-arm64
Version: 0.4.6
Check: installed package size
Result: NOTE
installed size is 40.1Mb
sub-directories of 1Mb or more:
libs 39.5Mb
Flavor: r-oldrel-macos-x86_64