Last updated on 2022-05-22 20:49:12 CEST.
Flavor | Version | Tinstall | Tcheck | Ttotal | Status | Flags |
---|---|---|---|---|---|---|
r-devel-linux-x86_64-debian-clang | 0.2 | 2.97 | 159.76 | 162.73 | NOTE | |
r-devel-linux-x86_64-debian-gcc | 0.2 | 2.57 | 117.24 | 119.81 | NOTE | |
r-devel-linux-x86_64-fedora-clang | 0.2 | 173.67 | NOTE | |||
r-devel-linux-x86_64-fedora-gcc | 0.2 | 183.77 | NOTE | |||
r-devel-windows-x86_64 | 0.2 | 13.00 | 173.00 | 186.00 | NOTE | |
r-patched-linux-x86_64 | 0.2 | 3.12 | 151.33 | 154.45 | NOTE | |
r-release-linux-x86_64 | 0.2 | 2.35 | 143.12 | 145.47 | NOTE | |
r-release-macos-arm64 | 0.2 | 48.00 | NOTE | |||
r-release-macos-x86_64 | 0.2 | 86.00 | NOTE | |||
r-release-windows-x86_64 | 0.2 | 13.00 | 178.00 | 191.00 | NOTE | |
r-oldrel-macos-arm64 | 0.2 | 62.00 | NOTE | |||
r-oldrel-macos-x86_64 | 0.2 | 81.00 | NOTE | |||
r-oldrel-windows-ix86+x86_64 | 0.2 | 9.00 | 169.00 | 178.00 | NOTE |
Version: 0.2
Check: LazyData
Result: NOTE
'LazyData' is specified without a 'data' directory
Flavors: r-devel-linux-x86_64-debian-clang, r-devel-linux-x86_64-debian-gcc, r-devel-linux-x86_64-fedora-clang, r-devel-linux-x86_64-fedora-gcc, r-devel-windows-x86_64, r-patched-linux-x86_64, r-release-linux-x86_64, r-release-macos-arm64, r-release-macos-x86_64, r-release-windows-x86_64, r-oldrel-macos-arm64, r-oldrel-macos-x86_64, r-oldrel-windows-ix86+x86_64