CRAN Package Check Results for Package glmulti

Last updated on 2022-01-28 21:51:53 CET.

Flavor Version Tinstall Tcheck Ttotal Status Flags
r-devel-linux-x86_64-debian-clang 1.0.8 6.23 56.49 62.72 OK
r-devel-linux-x86_64-debian-gcc 1.0.8 5.77 42.39 48.16 OK
r-devel-linux-x86_64-fedora-clang 1.0.8 74.17 OK
r-devel-linux-x86_64-fedora-gcc 1.0.8 67.17 OK
r-devel-windows-x86_64-new-UL 1.0.8 35.00 75.00 110.00 OK
r-devel-windows-x86_64-new-TK 1.0.8 NOTE
r-patched-linux-x86_64 1.0.8 8.87 51.65 60.52 OK
r-release-linux-x86_64 1.0.8 6.88 51.20 58.08 OK
r-release-macos-arm64 1.0.8 OK
r-release-macos-x86_64 1.0.8 OK
r-release-windows-ix86+x86_64 1.0.8 15.00 66.00 81.00 OK
r-oldrel-macos-x86_64 1.0.8 OK
r-oldrel-windows-ix86+x86_64 1.0.8 15.00 66.00 81.00 OK

Check Details

Version: 1.0.8
Check: package dependencies
Result: NOTE
    Package suggested but not available for checking: 'lme4'
Flavor: r-devel-windows-x86_64-new-TK