CRAN Package Check Results for Package glrt

Last updated on 2021-12-07 06:48:44 CET.

Flavor Version Tinstall Tcheck Ttotal Status Flags
r-devel-linux-x86_64-debian-clang 2.0 9.27 86.28 95.55 NOTE
r-devel-linux-x86_64-debian-gcc 2.0 7.55 66.32 73.87 NOTE
r-devel-linux-x86_64-fedora-clang 2.0 115.58 NOTE
r-devel-linux-x86_64-fedora-gcc 2.0 103.68 NOTE
r-devel-windows-x86_64-new-UL 2.0 17.00 125.00 142.00 NOTE
r-devel-windows-x86_64-new-TK 2.0 NOTE
r-devel-windows-x86_64-old 2.0 13.00 107.00 120.00 NOTE
r-patched-linux-x86_64 2.0 9.14 84.31 93.45 NOTE
r-release-linux-x86_64 2.0 9.19 83.38 92.57 NOTE
r-release-macos-arm64 2.0 NOTE
r-release-macos-x86_64 2.0 NOTE
r-release-windows-ix86+x86_64 2.0 13.00 100.00 113.00 NOTE
r-oldrel-macos-x86_64 2.0 NOTE
r-oldrel-windows-ix86+x86_64 2.0 18.00 100.00 118.00 NOTE

Check Details

Version: 2.0
Check: DESCRIPTION meta-information
Result: NOTE
    Malformed Description field: should contain one or more complete sentences.
Flavors: r-devel-linux-x86_64-debian-clang, r-devel-linux-x86_64-debian-gcc, r-devel-linux-x86_64-fedora-clang, r-devel-linux-x86_64-fedora-gcc, r-devel-windows-x86_64-new-UL, r-devel-windows-x86_64-new-TK, r-devel-windows-x86_64-old, r-patched-linux-x86_64, r-release-linux-x86_64, r-release-macos-arm64, r-release-macos-x86_64, r-release-windows-ix86+x86_64, r-oldrel-macos-x86_64, r-oldrel-windows-ix86+x86_64

Version: 2.0
Check: R code for possible problems
Result: NOTE
    ScoreTest: no visible global function definition for 'pchisq'
    Var1: no visible global function definition for 'runif'
    gLRT1: no visible global function definition for 'pchisq'
    gLRT2: no visible global function definition for 'pchisq'
    gLRT3: no visible global function definition for 'pchisq'
    gLRT4: no visible global function definition for 'pf'
    Undefined global functions or variables:
     pchisq pf runif
    Consider adding
     importFrom("stats", "pchisq", "pf", "runif")
    to your NAMESPACE file.
Flavors: r-devel-linux-x86_64-debian-clang, r-devel-linux-x86_64-debian-gcc, r-devel-linux-x86_64-fedora-clang, r-devel-linux-x86_64-fedora-gcc, r-devel-windows-x86_64-new-UL, r-devel-windows-x86_64-new-TK, r-devel-windows-x86_64-old, r-patched-linux-x86_64, r-release-linux-x86_64, r-release-macos-arm64, r-release-macos-x86_64, r-release-windows-ix86+x86_64, r-oldrel-macos-x86_64, r-oldrel-windows-ix86+x86_64