Last updated on 2022-05-17 19:54:32 CEST.
Flavor | Version | Tinstall | Tcheck | Ttotal | Status | Flags |
---|---|---|---|---|---|---|
r-devel-linux-x86_64-debian-clang | 0.11.1 | 28.24 | 174.25 | 202.49 | OK | |
r-devel-linux-x86_64-debian-gcc | 0.11.1 | 21.43 | 127.86 | 149.29 | OK | |
r-devel-linux-x86_64-fedora-clang | 0.11.1 | 233.63 | NOTE | |||
r-devel-linux-x86_64-fedora-gcc | 0.11.1 | 241.24 | NOTE | |||
r-devel-windows-x86_64 | 0.11.1 | 243.00 | 199.00 | 442.00 | OK | |
r-patched-linux-x86_64 | 0.11.1 | 31.74 | 166.08 | 197.82 | OK | |
r-release-linux-x86_64 | 0.11.1 | 27.98 | 167.72 | 195.70 | OK | |
r-release-macos-arm64 | 0.11.1 | 67.00 | NOTE | |||
r-release-macos-x86_64 | 0.11.1 | 89.00 | NOTE | |||
r-release-windows-x86_64 | 0.11.1 | 176.00 | 203.00 | 379.00 | OK | |
r-oldrel-macos-arm64 | 0.11.1 | 75.00 | NOTE | |||
r-oldrel-macos-x86_64 | 0.11.1 | 88.00 | NOTE | |||
r-oldrel-windows-ix86+x86_64 | 0.11.1 | 45.00 | 250.00 | 295.00 | OK |
Version: 0.11.1
Check: data for non-ASCII characters
Result: NOTE
Note: found 2629 marked UTF-8 strings
Flavors: r-devel-linux-x86_64-fedora-clang, r-devel-linux-x86_64-fedora-gcc, r-release-macos-arm64, r-release-macos-x86_64, r-oldrel-macos-arm64, r-oldrel-macos-x86_64