CRAN Package Check Results for Package gnomonicM

Last updated on 2022-06-27 10:54:26 CEST.

Flavor Version Tinstall Tcheck Ttotal Status Flags
r-devel-linux-x86_64-debian-clang 1.0.1 4.39 62.02 66.41 NOTE
r-devel-linux-x86_64-debian-gcc 1.0.1 4.64 45.90 50.54 NOTE
r-devel-linux-x86_64-fedora-clang 1.0.1 90.19 NOTE
r-devel-linux-x86_64-fedora-gcc 1.0.1 87.54 NOTE
r-devel-windows-x86_64 1.0.1 19.00 88.00 107.00 NOTE
r-patched-linux-x86_64 1.0.1 4.02 58.40 62.42 NOTE
r-release-linux-x86_64 1.0.1 5.84 58.36 64.20 NOTE
r-release-macos-arm64 1.0.1 29.00 NOTE
r-release-macos-x86_64 1.0.1 49.00 NOTE
r-release-windows-x86_64 1.0.1 16.00 90.00 106.00 NOTE
r-oldrel-macos-arm64 1.0.1 33.00 NOTE
r-oldrel-macos-x86_64 1.0.1 43.00 NOTE
r-oldrel-windows-ix86+x86_64 1.0.1 14.00 86.00 100.00 NOTE

Check Details

Version: 1.0.1
Check: LazyData
Result: NOTE
     'LazyData' is specified without a 'data' directory
Flavors: r-devel-linux-x86_64-debian-clang, r-devel-linux-x86_64-debian-gcc, r-devel-linux-x86_64-fedora-clang, r-devel-linux-x86_64-fedora-gcc, r-devel-windows-x86_64, r-patched-linux-x86_64, r-release-linux-x86_64, r-release-macos-arm64, r-release-macos-x86_64, r-release-windows-x86_64, r-oldrel-macos-arm64, r-oldrel-macos-x86_64, r-oldrel-windows-ix86+x86_64