Last updated on 2023-02-01 00:52:37 CET.
Flavor | Version | Tinstall | Tcheck | Ttotal | Status | Flags |
---|---|---|---|---|---|---|
r-devel-linux-x86_64-debian-clang | 0.1 | 62.58 | 98.47 | 161.05 | OK | |
r-devel-linux-x86_64-debian-gcc | 0.1 | 53.78 | 72.83 | 126.61 | OK | |
r-devel-linux-x86_64-fedora-clang | 0.1 | 220.54 | NOTE | |||
r-devel-linux-x86_64-fedora-gcc | 0.1 | 207.69 | NOTE | |||
r-devel-windows-x86_64 | 0.1 | 56.00 | 145.00 | 201.00 | OK | |
r-patched-linux-x86_64 | 0.1 | 57.01 | 96.99 | 154.00 | OK | |
r-release-linux-x86_64 | 0.1 | 55.75 | 99.10 | 154.85 | OK | |
r-release-macos-arm64 | 0.1 | 58.00 | NOTE | |||
r-release-macos-x86_64 | 0.1 | 122.00 | NOTE | |||
r-release-windows-x86_64 | 0.1 | 50.00 | 156.00 | 206.00 | OK | |
r-oldrel-macos-arm64 | 0.1 | 64.00 | NOTE | |||
r-oldrel-macos-x86_64 | 0.1 | 73.00 | NOTE | |||
r-oldrel-windows-ix86+x86_64 | 0.1 | 143.00 | 166.00 | 309.00 | OK |
Version: 0.1
Check: dependencies in R code
Result: NOTE
Namespace in Imports field not imported from: ‘Rcpp’
All declared Imports should be used.
Flavors: r-devel-linux-x86_64-fedora-clang, r-devel-linux-x86_64-fedora-gcc, r-release-macos-arm64, r-release-macos-x86_64, r-oldrel-macos-arm64, r-oldrel-macos-x86_64
Version: 0.1
Check: installed package size
Result: NOTE
installed size is 5.6Mb
sub-directories of 1Mb or more:
libs 5.3Mb
Flavors: r-release-macos-arm64, r-release-macos-x86_64, r-oldrel-macos-arm64, r-oldrel-macos-x86_64