CRAN Package Check Results for Package goffda

Last updated on 2022-05-17 08:52:19 CEST.

Flavor Version Tinstall Tcheck Ttotal Status Flags
r-devel-linux-x86_64-debian-clang 0.1.0 40.08 143.25 183.33 OK
r-devel-linux-x86_64-debian-gcc 0.1.0 28.88 106.66 135.54 OK
r-devel-linux-x86_64-fedora-clang 0.1.0 227.96 NOTE
r-devel-linux-x86_64-fedora-gcc 0.1.0 218.06 NOTE
r-devel-windows-x86_64 0.1.0 45.00 180.00 225.00 OK
r-patched-linux-x86_64 0.1.0 34.87 134.65 169.52 OK
r-release-linux-x86_64 0.1.0 33.57 135.98 169.55 OK
r-release-macos-arm64 0.1.0 59.00 NOTE
r-release-macos-x86_64 0.1.0 114.00 NOTE
r-release-windows-x86_64 0.1.0 44.00 180.00 224.00 OK
r-oldrel-macos-arm64 0.1.0 74.00 NOTE
r-oldrel-macos-x86_64 0.1.0 90.00 NOTE
r-oldrel-windows-ix86+x86_64 0.1.0 97.00 241.00 338.00 OK

Check Details

Version: 0.1.0
Check: data for non-ASCII characters
Result: NOTE
     Note: found 1352 marked UTF-8 strings
Flavors: r-devel-linux-x86_64-fedora-clang, r-devel-linux-x86_64-fedora-gcc, r-release-macos-arm64, r-release-macos-x86_64, r-oldrel-macos-arm64, r-oldrel-macos-x86_64