Last updated on 2023-02-02 18:54:28 CET.
Flavor | Version | Tinstall | Tcheck | Ttotal | Status | Flags |
---|---|---|---|---|---|---|
r-devel-linux-x86_64-debian-clang | 1.6.4 | 244.07 | 143.93 | 388.00 | NOTE | |
r-devel-linux-x86_64-debian-gcc | 1.6.4 | 174.67 | 105.97 | 280.64 | NOTE | |
r-devel-linux-x86_64-fedora-clang | 1.6.4 | 555.25 | NOTE | |||
r-devel-linux-x86_64-fedora-gcc | 1.6.4 | 500.29 | NOTE | |||
r-devel-windows-x86_64 | 1.6.4 | 269.00 | 191.00 | 460.00 | NOTE | |
r-patched-linux-x86_64 | 1.6.4 | 207.35 | 137.50 | 344.85 | OK | |
r-release-linux-x86_64 | 1.6.4 | 180.52 | 131.98 | 312.50 | OK | |
r-release-macos-arm64 | 1.6.4 | 100.00 | NOTE | |||
r-release-macos-x86_64 | 1.6.4 | 148.00 | NOTE | |||
r-release-windows-x86_64 | 1.6.4 | 395.00 | 203.00 | 598.00 | OK | |
r-oldrel-macos-arm64 | 1.6.4 | 91.00 | NOTE | |||
r-oldrel-macos-x86_64 | 1.6.4 | 158.00 | NOTE | |||
r-oldrel-windows-ix86+x86_64 | 1.6.4 | 568.00 | 227.00 | 795.00 | OK |
Version: 1.6.4
Check: C++ specification
Result: NOTE
Specified C++11: please update to current default of C++17
Flavors: r-devel-linux-x86_64-debian-clang, r-devel-linux-x86_64-debian-gcc, r-devel-linux-x86_64-fedora-clang, r-devel-linux-x86_64-fedora-gcc, r-devel-windows-x86_64
Version: 1.6.4
Check: installed package size
Result: NOTE
installed size is 7.5Mb
sub-directories of 1Mb or more:
libs 6.1Mb
Flavors: r-release-macos-arm64, r-release-macos-x86_64, r-oldrel-macos-arm64, r-oldrel-macos-x86_64