CRAN Package Check Results for Package googlePrintr

Last updated on 2023-01-28 16:51:19 CET.

Flavor Version Tinstall Tcheck Ttotal Status Flags
r-devel-linux-x86_64-debian-clang 0.0.1 3.94 31.03 34.97 NOTE
r-devel-linux-x86_64-debian-gcc 0.0.1 2.31 24.54 26.85 NOTE
r-devel-linux-x86_64-fedora-clang 0.0.1 43.14 NOTE
r-devel-linux-x86_64-fedora-gcc 0.0.1 41.72 NOTE
r-devel-windows-x86_64 0.0.1 16.00 58.00 74.00 NOTE
r-patched-linux-x86_64 0.0.1 3.40 31.58 34.98 NOTE
r-release-linux-x86_64 0.0.1 3.56 31.87 35.43 NOTE
r-release-macos-arm64 0.0.1 17.00 NOTE
r-release-macos-x86_64 0.0.1 25.00 NOTE
r-release-windows-x86_64 0.0.1 17.00 56.00 73.00 NOTE
r-oldrel-macos-arm64 0.0.1 22.00 NOTE
r-oldrel-macos-x86_64 0.0.1 27.00 NOTE
r-oldrel-windows-ix86+x86_64 0.0.1 10.00 57.00 67.00 NOTE

Check Details

Version: 0.0.1
Check: LazyData
Result: NOTE
     'LazyData' is specified without a 'data' directory
Flavors: r-devel-linux-x86_64-debian-clang, r-devel-linux-x86_64-debian-gcc, r-devel-linux-x86_64-fedora-clang, r-devel-linux-x86_64-fedora-gcc, r-devel-windows-x86_64, r-patched-linux-x86_64, r-release-linux-x86_64, r-release-macos-arm64, r-release-macos-x86_64, r-release-windows-x86_64, r-oldrel-macos-arm64, r-oldrel-macos-x86_64, r-oldrel-windows-ix86+x86_64