CRAN Package Check Results for Package googlenlp

Last updated on 2024-05-19 14:50:59 CEST.

Flavor Version Tinstall Tcheck Ttotal Status Flags
r-devel-linux-x86_64-debian-clang 0.2.0 6.06 42.76 48.82 NOTE
r-devel-linux-x86_64-debian-gcc 0.2.0 4.62 33.36 37.98 NOTE
r-devel-linux-x86_64-fedora-clang 0.2.0 61.86 NOTE
r-devel-linux-x86_64-fedora-gcc 0.2.0 79.90 NOTE
r-devel-windows-x86_64 0.2.0 5.00 54.00 59.00 NOTE
r-patched-linux-x86_64 0.2.0 3.77 41.12 44.89 NOTE
r-release-linux-x86_64 0.2.0 4.19 41.35 45.54 NOTE
r-release-macos-arm64 0.2.0 21.00 NOTE
r-release-windows-x86_64 0.2.0 8.00 55.00 63.00 NOTE
r-oldrel-macos-arm64 0.2.0 23.00 NOTE
r-oldrel-macos-x86_64 0.2.0 32.00 NOTE
r-oldrel-windows-x86_64 0.2.0 8.00 61.00 69.00 NOTE

Check Details

Version: 0.2.0
Check: LazyData
Result: NOTE 'LazyData' is specified without a 'data' directory Flavors: r-devel-linux-x86_64-debian-clang, r-devel-linux-x86_64-debian-gcc, r-devel-linux-x86_64-fedora-clang, r-devel-linux-x86_64-fedora-gcc, r-devel-windows-x86_64, r-patched-linux-x86_64, r-release-linux-x86_64, r-release-macos-arm64, r-release-windows-x86_64, r-oldrel-macos-arm64, r-oldrel-macos-x86_64, r-oldrel-windows-x86_64