Last updated on 2022-05-23 22:58:15 CEST.
Flavor | Version | Tinstall | Tcheck | Ttotal | Status | Flags |
---|---|---|---|---|---|---|
r-devel-linux-x86_64-debian-clang | 1.2.6 | 5.19 | 38.33 | 43.52 | OK | |
r-devel-linux-x86_64-debian-gcc | 1.2.6 | 3.79 | 28.99 | 32.78 | ERROR | |
r-devel-linux-x86_64-fedora-clang | 1.2.6 | 53.47 | OK | |||
r-devel-linux-x86_64-fedora-gcc | 1.2.6 | 39.19 | OK | |||
r-devel-windows-x86_64 | 1.2.6 | 28.00 | 107.00 | 135.00 | OK | |
r-patched-linux-x86_64 | 1.2.6 | 3.80 | 37.64 | 41.44 | OK | |
r-release-linux-x86_64 | 1.2.6 | ERROR | ||||
r-release-macos-arm64 | 1.2.6 | 38.00 | OK | |||
r-release-macos-x86_64 | 1.2.6 | 47.00 | OK | |||
r-release-windows-x86_64 | 1.2.6 | 30.00 | 108.00 | 138.00 | OK | |
r-oldrel-macos-arm64 | 1.2.6 | 36.00 | OK | |||
r-oldrel-macos-x86_64 | 1.2.6 | 43.00 | OK | |||
r-oldrel-windows-ix86+x86_64 | 1.2.6 | 21.00 | 85.00 | 106.00 | OK |
Version: 1.2.6
Check: re-building of vignette outputs
Result: ERROR
Error(s) in re-building vignettes:
...
--- re-building ‘intro.Rmd’ using rmarkdown
Found GPG 2.2.35 (gpgme 1.16.0). Using keyring: /home/hornik/.gnupg
Searching: https://keyserver.ubuntu.com
Quitting from lines 224-229 (intro.Rmd)
Error: processing vignette ‘intro.Rmd’ failed with diagnostics:
Failed to connect to cran.r-project.org port 443 after 33 ms: Connection refused
--- failed re-building ‘intro.Rmd’
SUMMARY: processing the following file failed:
‘intro.Rmd’
Error: Vignette re-building failed.
Execution halted
Flavor: r-devel-linux-x86_64-debian-gcc
Version: 1.2.6
Check: re-building of vignette outputs
Result: ERROR
Error(s) in re-building vignettes:
...
--- re-building ‘intro.Rmd’ using rmarkdown
Found GPG 2.2.35 (gpgme 1.16.0). Using keyring: /home/hornik/.gnupg
Searching: https://keyserver.ubuntu.com
Quitting from lines 224-229 (intro.Rmd)
Error: processing vignette ‘intro.Rmd’ failed with diagnostics:
Failed to connect to cran.r-project.org port 443 after 13 ms: Connection refused
--- failed re-building ‘intro.Rmd’
SUMMARY: processing the following file failed:
‘intro.Rmd’
Error: Vignette re-building failed.
Execution halted
Flavor: r-release-linux-x86_64