CRAN Package Check Results for Package gppm

Last updated on 2022-05-22 09:52:18 CEST.

Flavor Version Tinstall Tcheck Ttotal Status Flags
r-devel-linux-x86_64-debian-clang 0.2.0 11.87 292.44 304.31 OK
r-devel-linux-x86_64-debian-gcc 0.2.0 8.20 227.16 235.36 OK
r-devel-linux-x86_64-fedora-clang 0.2.0 357.16 OK
r-devel-linux-x86_64-fedora-gcc 0.2.0 356.37 OK
r-devel-windows-x86_64 0.2.0 34.00 237.00 271.00 ERROR
r-patched-linux-x86_64 0.2.0 7.42 279.93 287.35 OK
r-release-linux-x86_64 0.2.0 6.39 271.24 277.63 OK
r-release-macos-arm64 0.2.0 83.00 OK
r-release-macos-x86_64 0.2.0 193.00 OK
r-release-windows-x86_64 0.2.0 29.00 245.00 274.00 ERROR
r-oldrel-macos-arm64 0.2.0 87.00 OK
r-oldrel-macos-x86_64 0.2.0 172.00 OK
r-oldrel-windows-ix86+x86_64 0.2.0 27.00 201.00 228.00 ERROR

Check Details

Version: 0.2.0
Check: tests
Result: ERROR
     Running 'testthat.R' [96s]
    Running the tests in 'tests/testthat.R' failed.
    Complete output:
     > Sys.setenv("R_TESTS" = "")
     > library(testthat)
     > library(gppm)
     Loading required package: Rcpp
     >
     > test_check("gppm")
     make cmd is
     make -f "D:/RCompile/recent/R/etc/x64/Makeconf" -f "D:/RCompile/recent/R/share/make/winshlib.mk" CXX='$(CXX14) $(CXX14STD)' CXXFLAGS='$(CXX14FLAGS)' CXXPICFLAGS='$(CXX14PICFLAGS)' SHLIB_LDFLAGS='$(SHLIB_CXX14LDFLAGS)' SHLIB_LD='$(SHLIB_CXX14LD)' SHLIB="file1d5bc9c4020.dll" WIN=64 TCLBIN= OBJECTS="file1d5bc9c4020.o"
    
     make would use
     make[1]: Entering directory '/d/temp/RtmpicM4iP'
     if test "zfile1d5bc9c4020.o" != "z"; then \
     if test -e "file1d5bc9c4020-win.def"; then \
     echo g++ -shared -s -static-libgcc -o file1d5bc9c4020.dll file1d5bc9c4020-win.def file1d5bc9c4020.o -L"d:/rtools42/x86_64-w64-mingw32.static.posix/lib/x64" -L"d:/rtools42/x86_64-w64-mingw32.static.posix/lib" -L"D:/RCompile/recent/R/bin/x64" -lR ; \
     g++ -shared -s -static-libgcc -o file1d5bc9c4020.dll file1d5bc9c4020-win.def file1d5bc9c4020.o -L"d:/rtools42/x86_64-w64-mingw32.static.posix/lib/x64" -L"d:/rtools42/x86_64-w64-mingw32.static.posix/lib" -L"D:/RCompile/recent/R/bin/x64" -lR ; \
     else \
     echo EXPORTS > tmp.def; \
     nm file1d5bc9c4020.o | sed -n 's/^.* [BCDRT] / /p' | sed -e '/[.]refptr[.]/d' -e '/[.]weak[.]/d' | sed 's/[^ ][^ ]*/"&"/g' >> tmp.def; \
     echo g++ -shared -s -static-libgcc -o file1d5bc9c4020.dll tmp.def file1d5bc9c4020.o -L"d:/rtools42/x86_64-w64-mingw32.static.posix/lib/x64" -L"d:/rtools42/x86_64-w64-mingw32.static.posix/lib" -L"D:/RCompile/recent/R/bin/x64" -lR ; \
     g++ -shared -s -static-libgcc -o file1d5bc9c4020.dll tmp.def file1d5bc9c4020.o -L"d:/rtools42/x86_64-w64-mingw32.static.posix/lib/x64" -L"d:/rtools42/x86_64-w64-mingw32.static.posix/lib" -L"D:/RCompile/recent/R/bin/x64" -lR ; \
     rm -f tmp.def; \
     fi \
     fi
     make[1]: Leaving directory '/d/temp/RtmpicM4iP'
     Error in compileCode(f, code, language = language, verbose = verbose) :
     D:\rtools42\x86_64-w64-mingw32.static.posix\bin/ld.exe: file1d5bc9c4020.o:file1d5bc9c4020.cpp:(.text$_ZN3tbb8internal26task_scheduler_observer_v3D0Ev[_ZN3tbb8internal26task_scheduler_observer_v3D0Ev]+0x1d): undefined reference to `tbb::internal::task_scheduler_observer_v3::observe(bool)'D:\rtools42\x86_64-w64-mingw32.static.posix\bin/ld.exe: file1d5bc9c4020.o:file1d5bc9c4020.cpp:(.text$_ZN3tbb10interface623task_scheduler_observerD1Ev[_ZN3tbb10interface623task_scheduler_observerD1Ev]+0x1d): undefined reference to `tbb::internal::task_scheduler_observer_v3::observe(bool)'D:\rtools42\x86_64-w64-mingw32.static.posix\bin/ld.exe: file1d5bc9c4020.o:file1d5bc9c4020.cpp:(.text$_ZN3tbb10interface623task_scheduler_observerD1Ev[_ZN3tbb10interface623task_scheduler_observerD1Ev]+0x3a): undefined reference to `tbb::internal::task_scheduler_observer_v3::observe(bool)'D:\rtools42\x86_64-w64-mingw32.static.posix\bin/ld.exe: file1d5bc9c4020.o:file1d5bc9c4020.cpp:(.text$_ZN3tbb10interface623task_
     Calls: test_check ... <Anonymous> -> <Anonymous> -> force -> cxxfunction -> compileCode
     Error in sink(type = "output") : invalid connection
     Calls: test_check ... withVisible -> <Anonymous> -> cxxfunctionplus -> sink
     Execution halted
Flavor: r-devel-windows-x86_64

Version: 0.2.0
Check: tests
Result: ERROR
     Running 'testthat.R' [121s]
    Running the tests in 'tests/testthat.R' failed.
    Complete output:
     > Sys.setenv("R_TESTS" = "")
     > library(testthat)
     > library(gppm)
     Loading required package: Rcpp
     >
     > test_check("gppm")
     make cmd is
     make -f "D:/RCompile/recent/R-4.2.0/etc/x64/Makeconf" -f "D:/RCompile/recent/R-4.2.0/share/make/winshlib.mk" CXX='$(CXX14) $(CXX14STD)' CXXFLAGS='$(CXX14FLAGS)' CXXPICFLAGS='$(CXX14PICFLAGS)' SHLIB_LDFLAGS='$(SHLIB_CXX14LDFLAGS)' SHLIB_LD='$(SHLIB_CXX14LD)' SHLIB="file2e4ac50aa1e11.dll" WIN=64 TCLBIN= OBJECTS="file2e4ac50aa1e11.o"
    
     make would use
     make[1]: Entering directory '/d/temp/RtmpOYmJ1C'
     if test "zfile2e4ac50aa1e11.o" != "z"; then \
     if test -e "file2e4ac50aa1e11-win.def"; then \
     echo g++ -shared -s -static-libgcc -o file2e4ac50aa1e11.dll file2e4ac50aa1e11-win.def file2e4ac50aa1e11.o -L"d:/rtools42/x86_64-w64-mingw32.static.posix/lib/x64" -L"d:/rtools42/x86_64-w64-mingw32.static.posix/lib" -L"D:/RCompile/recent/R-4.2.0/bin/x64" -lR ; \
     g++ -shared -s -static-libgcc -o file2e4ac50aa1e11.dll file2e4ac50aa1e11-win.def file2e4ac50aa1e11.o -L"d:/rtools42/x86_64-w64-mingw32.static.posix/lib/x64" -L"d:/rtools42/x86_64-w64-mingw32.static.posix/lib" -L"D:/RCompile/recent/R-4.2.0/bin/x64" -lR ; \
     else \
     echo EXPORTS > tmp.def; \
     nm file2e4ac50aa1e11.o | sed -n 's/^.* [BCDRT] / /p' | sed -e '/[.]refptr[.]/d' -e '/[.]weak[.]/d' | sed 's/[^ ][^ ]*/"&"/g' >> tmp.def; \
     echo g++ -shared -s -static-libgcc -o file2e4ac50aa1e11.dll tmp.def file2e4ac50aa1e11.o -L"d:/rtools42/x86_64-w64-mingw32.static.posix/lib/x64" -L"d:/rtools42/x86_64-w64-mingw32.static.posix/lib" -L"D:/RCompile/recent/R-4.2.0/bin/x64" -lR ; \
     g++ -shared -s -static-libgcc -o file2e4ac50aa1e11.dll tmp.def file2e4ac50aa1e11.o -L"d:/rtools42/x86_64-w64-mingw32.static.posix/lib/x64" -L"d:/rtools42/x86_64-w64-mingw32.static.posix/lib" -L"D:/RCompile/recent/R-4.2.0/bin/x64" -lR ; \
     rm -f tmp.def; \
     fi \
     fi
     make[1]: Leaving directory '/d/temp/RtmpOYmJ1C'
     Error in compileCode(f, code, language = language, verbose = verbose) :
     D:\rtools42\x86_64-w64-mingw32.static.posix\bin/ld.exe: file2e4ac50aa1e11.o:file2e4ac50aa1e11.cpp:(.text$_ZN3tbb8internal26task_scheduler_observer_v3D0Ev[_ZN3tbb8internal26task_scheduler_observer_v3D0Ev]+0x1d): undefined reference to `tbb::internal::task_scheduler_observer_v3::observe(bool)'D:\rtools42\x86_64-w64-mingw32.static.posix\bin/ld.exe: file2e4ac50aa1e11.o:file2e4ac50aa1e11.cpp:(.text$_ZN3tbb10interface623task_scheduler_observerD1Ev[_ZN3tbb10interface623task_scheduler_observerD1Ev]+0x1d): undefined reference to `tbb::internal::task_scheduler_observer_v3::observe(bool)'D:\rtools42\x86_64-w64-mingw32.static.posix\bin/ld.exe: file2e4ac50aa1e11.o:file2e4ac50aa1e11.cpp:(.text$_ZN3tbb10interface623task_scheduler_observerD1Ev[_ZN3tbb10interface623task_scheduler_observerD1Ev]+0x3a): undefined reference to `tbb::internal::task_scheduler_observer_v3::observe(bool)'D:\rtools42\x86_64-w64-mingw32.static.posix\bin/ld.exe: file2e4ac50aa1e11.o:file2e4ac50aa1e11.cpp:(.text$_ZN3tbb10i
     Calls: test_check ... <Anonymous> -> <Anonymous> -> force -> cxxfunction -> compileCode
     Error in sink(type = "output") : invalid connection
     Calls: test_check ... withVisible -> <Anonymous> -> cxxfunctionplus -> sink
     Execution halted
Flavor: r-release-windows-x86_64

Version: 0.2.0
Check: tests
Result: ERROR
     Running 'testthat.R' [89s]
    Running the tests in 'tests/testthat.R' failed.
    Complete output:
     > Sys.setenv("R_TESTS" = "")
     > library(testthat)
     > library(gppm)
     Loading required package: Rcpp
     >
     > test_check("gppm")
     make cmd is
     make -f "D:/RCompile/recent/R-41~1.3/etc/x64/Makeconf" -f "D:/RCompile/recent/R-41~1.3/etc/x64/Makevars.site" -f "D:/RCompile/recent/R-41~1.3/share/make/winshlib.mk" CXX='$(CXX14) $(CXX14STD)' CXXFLAGS='$(CXX14FLAGS)' CXXPICFLAGS='$(CXX14PICFLAGS)' SHLIB_LDFLAGS='$(SHLIB_CXX14LDFLAGS)' SHLIB_LD='$(SHLIB_CXX14LD)' SHLIB="fileb55869bb29f2.dll" WIN=64 TCLBIN=64 OBJECTS="fileb55869bb29f2.o"
    
     make would use
     make[1]: Entering directory '/d/temp/Rtmp82gS18'
     if test "zfileb55869bb29f2.o" != "z"; then \
     if test -e "fileb55869bb29f2-win.def"; then \
     echo d:/Compiler/rtools40/mingw64/bin/g++ -shared -s -static-libgcc -o fileb55869bb29f2.dll fileb55869bb29f2-win.def fileb55869bb29f2.o -L"d:/Compiler/gcc-4.9.3/local330/lib/x64" -L"d:/Compiler/gcc-4.9.3/local330/lib" -L"D:/RCompile/recent/R-41~1.3/bin/x64" -lR ; \
     d:/Compiler/rtools40/mingw64/bin/g++ -shared -s -static-libgcc -o fileb55869bb29f2.dll fileb55869bb29f2-win.def fileb55869bb29f2.o -L"d:/Compiler/gcc-4.9.3/local330/lib/x64" -L"d:/Compiler/gcc-4.9.3/local330/lib" -L"D:/RCompile/recent/R-41~1.3/bin/x64" -lR ; \
     else \
     echo EXPORTS > tmp.def; \
     d:/Compiler/rtools40/mingw64/bin/nm fileb55869bb29f2.o | sed -n 's/^.* [BCDRT] / /p' | sed -e '/[.]refptr[.]/d' -e '/[.]weak[.]/d' | sed 's/[^ ][^ ]*/"&"/g' >> tmp.def; \
     echo d:/Compiler/rtools40/mingw64/bin/g++ -shared -s -static-libgcc -o fileb55869bb29f2.dll tmp.def fileb55869bb29f2.o -L"d:/Compiler/gcc-4.9.3/local330/lib/x64" -L"d:/Compiler/gcc-4.9.3/local330/lib" -L"D:/RCompile/recent/R-41~1.3/bin/x64" -lR ; \
     d:/Compiler/rtools40/mingw64/bin/g++ -shared -s -static-libgcc -o fileb55869bb29f2.dll tmp.def fileb55869bb29f2.o -L"d:/Compiler/gcc-4.9.3/local330/lib/x64" -L"d:/Compiler/gcc-4.9.3/local330/lib" -L"D:/RCompile/recent/R-41~1.3/bin/x64" -lR ; \
     rm -f tmp.def; \
     fi \
     fi
     make[1]: Leaving directory '/d/temp/Rtmp82gS18'
     Error in compileCode(f, code, language = language, verbose = verbose) :
     D:/Compiler/rtools40/mingw64/bin/../lib/gcc/x86_64-w64-mingw32/8.3.0/../../../../x86_64-w64-mingw32/bin/ld.exe: fileb55869bb29f2.o:fileb55869bb29f2.cpp:(.text$_ZN3tbb8internal26task_scheduler_observer_v3D1Ev[_ZN3tbb8internal26task_scheduler_observer_v3D1Ev]+0x14): undefined reference to `tbb::internal::task_scheduler_observer_v3::observe(bool)'D:/Compiler/rtools40/mingw64/bin/../lib/gcc/x86_64-w64-mingw32/8.3.0/../../../../x86_64-w64-mingw32/bin/ld.exe: fileb55869bb29f2.o:fileb55869bb29f2.cpp:(.text$_ZN3tbb8internal26task_scheduler_observer_v3D0Ev[_ZN3tbb8internal26task_scheduler_observer_v3D0Ev]+0x1c): undefined reference to `tbb::internal::task_scheduler_observer_v3::observe(bool)'D:/Compiler/rtools40/mingw64/bin/../lib/gcc/x86_64-w64-mingw32/8.3.0/../../../../x86_64-w64-mingw32/bin/ld.exe: fileb55869bb29f2.o:fileb55869bb29f2.cpp:(.text$_ZN3tbb10interface623task_scheduler_observerD0Ev[_ZN3tbb10interface623task_scheduler_observerD0Ev]+0x1c): undefined reference to `tbb::inter
     Calls: test_check ... <Anonymous> -> <Anonymous> -> force -> cxxfunction -> compileCode
     Error in sink(type = "output") : invalid connection
     Calls: test_check ... withVisible -> <Anonymous> -> cxxfunctionplus -> sink
     Execution halted
Flavor: r-oldrel-windows-ix86+x86_64