Last updated on 2022-05-29 09:52:47 CEST.
Flavor | Version | Tinstall | Tcheck | Ttotal | Status | Flags |
---|---|---|---|---|---|---|
r-devel-linux-x86_64-debian-clang | 1.6.0 | 14.65 | 193.08 | 207.73 | OK | |
r-devel-linux-x86_64-debian-gcc | 1.6.0 | 12.30 | 142.35 | 154.65 | OK | |
r-devel-linux-x86_64-fedora-clang | 1.6.0 | 263.03 | NOTE | |||
r-devel-linux-x86_64-fedora-gcc | 1.6.0 | 243.75 | NOTE | |||
r-devel-windows-x86_64 | 1.6.0 | 74.00 | 236.00 | 310.00 | OK | |
r-patched-linux-x86_64 | 1.6.0 | 13.03 | 183.71 | 196.74 | OK | |
r-release-linux-x86_64 | 1.6.0 | 10.63 | 185.84 | 196.47 | OK | |
r-release-macos-arm64 | 1.6.0 | 86.00 | NOTE | |||
r-release-macos-x86_64 | 1.6.0 | 103.00 | NOTE | |||
r-release-windows-x86_64 | 1.6.0 | 102.00 | 243.00 | 345.00 | OK | |
r-oldrel-macos-arm64 | 1.6.0 | 81.00 | NOTE | |||
r-oldrel-macos-x86_64 | 1.6.0 | 112.00 | NOTE | |||
r-oldrel-windows-ix86+x86_64 | 1.6.0 | 33.00 | 250.00 | 283.00 | OK |
Version: 1.6.0
Check: dependencies in R code
Result: NOTE
Namespace in Imports field not imported from: ‘Rdpack’
All declared Imports should be used.
Flavors: r-devel-linux-x86_64-fedora-clang, r-devel-linux-x86_64-fedora-gcc, r-release-macos-arm64, r-release-macos-x86_64, r-oldrel-macos-arm64, r-oldrel-macos-x86_64