Last updated on 2022-05-17 05:52:48 CEST.
Flavor | Version | Tinstall | Tcheck | Ttotal | Status | Flags |
---|---|---|---|---|---|---|
r-devel-linux-x86_64-debian-clang | 1.6.1 | 55.05 | 74.17 | 129.22 | OK | |
r-devel-linux-x86_64-debian-gcc | 1.6.1 | 43.95 | 58.26 | 102.21 | OK | |
r-devel-linux-x86_64-fedora-clang | 1.6.1 | 163.55 | NOTE | |||
r-devel-linux-x86_64-fedora-gcc | 1.6.1 | 160.55 | OK | |||
r-devel-windows-x86_64 | 1.6.1 | 72.00 | 117.00 | 189.00 | OK | |
r-patched-linux-x86_64 | 1.6.1 | 43.62 | 72.93 | 116.55 | OK | |
r-release-linux-x86_64 | 1.6.1 | 41.22 | 73.95 | 115.17 | OK | |
r-release-macos-arm64 | 1.6.1 | 49.00 | NOTE | |||
r-release-macos-x86_64 | 1.6.1 | 63.00 | NOTE | |||
r-release-windows-x86_64 | 1.6.1 | 80.00 | 119.00 | 199.00 | OK | |
r-oldrel-macos-arm64 | 1.6.1 | 44.00 | NOTE | |||
r-oldrel-macos-x86_64 | 1.6.1 | 61.00 | NOTE | |||
r-oldrel-windows-ix86+x86_64 | 1.6.1 | 112.00 | 164.00 | 276.00 | OK |
Version: 1.6.1
Check: installed package size
Result: NOTE
installed size is 9.3Mb
sub-directories of 1Mb or more:
libs 9.1Mb
Flavors: r-devel-linux-x86_64-fedora-clang, r-release-macos-arm64, r-release-macos-x86_64, r-oldrel-macos-arm64, r-oldrel-macos-x86_64