Last updated on 2022-05-22 06:52:01 CEST.
Flavor | Version | Tinstall | Tcheck | Ttotal | Status | Flags |
---|---|---|---|---|---|---|
r-devel-linux-x86_64-debian-clang | 0.0.1 | 51.27 | 88.71 | 139.98 | OK | |
r-devel-linux-x86_64-debian-gcc | 0.0.1 | 38.46 | 67.85 | 106.31 | OK | |
r-devel-linux-x86_64-fedora-clang | 0.0.1 | 178.28 | OK | |||
r-devel-linux-x86_64-fedora-gcc | 0.0.1 | 170.58 | OK | |||
r-devel-windows-x86_64 | 0.0.1 | 42.00 | 121.00 | 163.00 | OK | |
r-patched-linux-x86_64 | 0.0.1 | 46.36 | 87.01 | 133.37 | OK | |
r-release-linux-x86_64 | 0.0.1 | 39.62 | 85.26 | 124.88 | OK | |
r-release-macos-arm64 | 0.0.1 | 51.00 | OK | |||
r-release-macos-x86_64 | 0.0.1 | 66.00 | OK | |||
r-release-windows-x86_64 | 0.0.1 | 42.00 | 127.00 | 169.00 | OK | |
r-oldrel-macos-arm64 | 0.0.1 | 59.00 | NOTE | |||
r-oldrel-macos-x86_64 | 0.0.1 | 68.00 | OK | |||
r-oldrel-windows-ix86+x86_64 | 0.0.1 | 113.00 | 143.00 | 256.00 | OK |
Version: 0.0.1
Check: installed package size
Result: NOTE
installed size is 5.2Mb
sub-directories of 1Mb or more:
libs 4.5Mb
Flavor: r-oldrel-macos-arm64