CRAN Package Check Results for Package grmsem

Last updated on 2022-05-28 04:54:53 CEST.

Flavor Version Tinstall Tcheck Ttotal Status Flags
r-devel-linux-x86_64-debian-clang 1.1.0 5.81 455.50 461.31 OK
r-devel-linux-x86_64-debian-gcc 1.1.0 4.23 379.11 383.34 OK
r-devel-linux-x86_64-fedora-clang 1.1.0 564.72 NOTE
r-devel-linux-x86_64-fedora-gcc 1.1.0 560.38 NOTE
r-devel-windows-x86_64 1.1.0 16.00 484.00 500.00 OK
r-patched-linux-x86_64 1.1.0 5.09 276.90 281.99 OK
r-release-linux-x86_64 1.1.0 4.65 278.44 283.09 OK
r-release-macos-arm64 1.1.0 148.00 NOTE
r-release-macos-x86_64 1.1.0 177.00 NOTE
r-release-windows-x86_64 1.1.0 14.00 308.00 322.00 OK
r-oldrel-macos-arm64 1.1.0 176.00 NOTE
r-oldrel-macos-x86_64 1.1.0 267.00 NOTE
r-oldrel-windows-ix86+x86_64 1.1.0 10.00 339.00 349.00 OK

Check Details

Version: 1.1.0
Check: dependencies in R code
Result: NOTE
    Namespace in Imports field not imported from: ‘msm’
     All declared Imports should be used.
Flavors: r-devel-linux-x86_64-fedora-clang, r-devel-linux-x86_64-fedora-gcc, r-release-macos-arm64, r-release-macos-x86_64, r-oldrel-macos-arm64, r-oldrel-macos-x86_64