CRAN Package Check Results for Package gte

Last updated on 2021-12-07 05:55:06 CET.

Flavor Version Tinstall Tcheck Ttotal Status Flags
r-devel-linux-x86_64-debian-clang 1.2-2 8.23 70.28 78.51 NOTE
r-devel-linux-x86_64-debian-gcc 1.2-2 6.58 54.61 61.19 NOTE
r-devel-linux-x86_64-fedora-clang 1.2-2 95.90 NOTE
r-devel-linux-x86_64-fedora-gcc 1.2-2 83.63 NOTE
r-devel-windows-x86_64-new-UL 1.2-2 15.00 102.00 117.00 NOTE
r-devel-windows-x86_64-new-TK 1.2-2 NOTE
r-devel-windows-x86_64-old 1.2-2 12.00 89.00 101.00 NOTE
r-patched-linux-x86_64 1.2-2 7.41 68.12 75.53 NOTE
r-release-linux-x86_64 1.2-2 7.25 67.88 75.13 NOTE
r-release-macos-arm64 1.2-2 NOTE
r-release-macos-x86_64 1.2-2 NOTE
r-release-windows-ix86+x86_64 1.2-2 14.00 104.00 118.00 NOTE
r-oldrel-macos-x86_64 1.2-2 NOTE
r-oldrel-windows-ix86+x86_64 1.2-2 18.00 105.00 123.00 NOTE

Check Details

Version: 1.2-2
Check: R code for possible problems
Result: NOTE
    gte: no visible global function definition for 'model.extract'
    gte: no visible global function definition for 'model.matrix'
    gte: no visible binding for global variable 'sd'
    gte: no visible global function definition for 'dnorm'
    plot.gte: no visible global function definition for 'par'
    plot.gte: no visible global function definition for 'polygon'
    plot.gte: no visible global function definition for 'gray'
    plot.gte: no visible global function definition for 'lines'
    plot.gte: no visible global function definition for 'legend'
    Undefined global functions or variables:
     dnorm gray legend lines model.extract model.matrix par polygon sd
    Consider adding
     importFrom("grDevices", "gray")
     importFrom("graphics", "legend", "lines", "par", "polygon")
     importFrom("stats", "dnorm", "model.extract", "model.matrix", "sd")
    to your NAMESPACE file.
Flavors: r-devel-linux-x86_64-debian-clang, r-devel-linux-x86_64-debian-gcc, r-devel-linux-x86_64-fedora-clang, r-devel-linux-x86_64-fedora-gcc, r-devel-windows-x86_64-new-UL, r-devel-windows-x86_64-new-TK, r-devel-windows-x86_64-old, r-patched-linux-x86_64, r-release-linux-x86_64, r-release-macos-arm64, r-release-macos-x86_64, r-release-windows-ix86+x86_64, r-oldrel-macos-x86_64, r-oldrel-windows-ix86+x86_64

Version: 1.2-2
Check: compiled code
Result: NOTE
    File ‘gte/libs/gte.so’:
     Found no calls to: ‘R_registerRoutines’, ‘R_useDynamicSymbols’
    
    It is good practice to register native routines and to disable symbol
    search.
    
    See ‘Writing portable packages’ in the ‘Writing R Extensions’ manual.
Flavors: r-devel-linux-x86_64-fedora-clang, r-devel-linux-x86_64-fedora-gcc

Version: 1.2-2
Check: package dependencies
Result: NOTE
    Package suggested but not available for checking: ‘interval’
Flavor: r-release-macos-arm64