CRAN Package Check Results for Package gtfstools

Last updated on 2022-05-20 08:53:20 CEST.

Flavor Version Tinstall Tcheck Ttotal Status Flags
r-devel-linux-x86_64-debian-clang 1.0.0 8.76 113.10 121.86 OK
r-devel-linux-x86_64-debian-gcc 1.0.0 7.09 73.68 80.77 OK
r-devel-linux-x86_64-fedora-clang 1.0.0 129.07 NOTE
r-devel-linux-x86_64-fedora-gcc 1.0.0 114.85 NOTE
r-devel-windows-x86_64 1.0.0 36.00 141.00 177.00 OK
r-patched-linux-x86_64 1.0.0 9.04 90.39 99.43 OK
r-release-linux-x86_64 1.0.0 8.06 90.57 98.63 OK
r-release-macos-arm64 1.0.0 45.00 NOTE
r-release-macos-x86_64 1.0.0 63.00 NOTE
r-release-windows-x86_64 1.0.0 34.00 147.00 181.00 OK
r-oldrel-macos-arm64 1.0.0 56.00 NOTE
r-oldrel-macos-x86_64 1.0.0 64.00 NOTE
r-oldrel-windows-ix86+x86_64 1.0.0 25.00 163.00 188.00 OK

Check Details

Version: 1.0.0
Check: dependencies in R code
Result: NOTE
    Namespace in Imports field not imported from: ‘utils’
     All declared Imports should be used.
Flavors: r-devel-linux-x86_64-fedora-clang, r-devel-linux-x86_64-fedora-gcc, r-release-macos-arm64, r-release-macos-x86_64, r-oldrel-macos-arm64, r-oldrel-macos-x86_64