Last updated on 2022-05-23 18:50:32 CEST.
Flavor | Version | Tinstall | Tcheck | Ttotal | Status | Flags |
---|---|---|---|---|---|---|
r-devel-linux-x86_64-debian-clang | 3.0 | 44.37 | 402.47 | 446.84 | OK | |
r-devel-linux-x86_64-debian-gcc | 3.0 | 36.86 | 292.26 | 329.12 | OK | |
r-devel-linux-x86_64-fedora-clang | 3.0 | 557.95 | NOTE | |||
r-devel-linux-x86_64-fedora-gcc | 3.0 | 510.12 | NOTE | |||
r-devel-windows-x86_64 | 3.0 | 52.00 | 401.00 | 453.00 | OK | |
r-patched-linux-x86_64 | 3.0 | 49.49 | 378.33 | 427.82 | OK | |
r-release-linux-x86_64 | 3.0 | OK | ||||
r-release-macos-arm64 | 3.0 | 114.00 | NOTE | |||
r-release-macos-x86_64 | 3.0 | 158.00 | NOTE | |||
r-release-windows-x86_64 | 3.0 | 46.00 | 395.00 | 441.00 | OK | |
r-oldrel-macos-arm64 | 3.0 | 89.00 | NOTE | |||
r-oldrel-macos-x86_64 | 3.0 | 158.00 | NOTE | |||
r-oldrel-windows-ix86+x86_64 | 3.0 | 103.00 | 413.00 | 516.00 | OK |
Version: 3.0
Check: dependencies in R code
Result: NOTE
Namespace in Imports field not imported from: ‘Matrix’
All declared Imports should be used.
Flavors: r-devel-linux-x86_64-fedora-clang, r-devel-linux-x86_64-fedora-gcc, r-release-macos-arm64, r-release-macos-x86_64, r-oldrel-macos-arm64, r-oldrel-macos-x86_64