CRAN Package Check Results for Package gym

Last updated on 2023-01-31 22:58:08 CET.

Flavor Version Tinstall Tcheck Ttotal Status Flags
r-devel-linux-x86_64-debian-clang 0.1.0 2.21 21.88 24.09 NOTE
r-devel-linux-x86_64-debian-gcc 0.1.0 1.77 17.12 18.89 NOTE
r-devel-linux-x86_64-fedora-clang 0.1.0 30.75 NOTE
r-devel-linux-x86_64-fedora-gcc 0.1.0 30.32 NOTE
r-devel-windows-x86_64 0.1.0 11.00 56.00 67.00 NOTE
r-patched-linux-x86_64 0.1.0 2.47 22.38 24.85 NOTE
r-release-linux-x86_64 0.1.0 1.83 21.82 23.65 NOTE
r-release-macos-arm64 0.1.0 17.00 NOTE
r-release-macos-x86_64 0.1.0 20.00 NOTE
r-release-windows-x86_64 0.1.0 13.00 53.00 66.00 NOTE
r-oldrel-macos-arm64 0.1.0 18.00 NOTE
r-oldrel-macos-x86_64 0.1.0 23.00 NOTE
r-oldrel-windows-ix86+x86_64 0.1.0 6.00 49.00 55.00 NOTE

Check Details

Version: 0.1.0
Check: LazyData
Result: NOTE
     'LazyData' is specified without a 'data' directory
Flavors: r-devel-linux-x86_64-debian-clang, r-devel-linux-x86_64-debian-gcc, r-devel-linux-x86_64-fedora-clang, r-devel-linux-x86_64-fedora-gcc, r-devel-windows-x86_64, r-patched-linux-x86_64, r-release-linux-x86_64, r-release-macos-arm64, r-release-macos-x86_64, r-release-windows-x86_64, r-oldrel-macos-arm64, r-oldrel-macos-x86_64, r-oldrel-windows-ix86+x86_64