Last updated on 2022-05-29 05:51:06 CEST.
Flavor | Version | Tinstall | Tcheck | Ttotal | Status | Flags |
---|---|---|---|---|---|---|
r-devel-linux-x86_64-debian-clang | 3.1.2 | 48.14 | 213.60 | 261.74 | OK | |
r-devel-linux-x86_64-debian-gcc | 3.1.2 | 36.75 | 153.58 | 190.33 | OK | |
r-devel-linux-x86_64-fedora-clang | 3.1.2 | 337.40 | OK | |||
r-devel-linux-x86_64-fedora-gcc | 3.1.2 | 307.11 | OK | |||
r-devel-windows-x86_64 | 3.1.2 | 113.00 | 283.00 | 396.00 | OK | |
r-patched-linux-x86_64 | 3.1.2 | 46.92 | 203.20 | 250.12 | OK | |
r-release-linux-x86_64 | 3.1.2 | 36.58 | 205.35 | 241.93 | OK | |
r-release-macos-arm64 | 3.1.2 | 86.00 | NOTE | |||
r-release-macos-x86_64 | 3.1.2 | 145.00 | NOTE | |||
r-release-windows-x86_64 | 3.1.2 | 151.00 | 286.00 | 437.00 | OK | |
r-oldrel-macos-arm64 | 3.1.2 | 86.00 | NOTE | |||
r-oldrel-macos-x86_64 | 3.1.2 | 131.00 | NOTE | |||
r-oldrel-windows-ix86+x86_64 | 3.1.2 | 98.00 | 296.00 | 394.00 | NOTE |
Version: 3.1.2
Check: package dependencies
Result: NOTE
Package suggested but not available for checking: ‘rhdf5’
Flavor: r-release-macos-arm64
Version: 3.1.2
Check: installed package size
Result: NOTE
installed size is 5.2Mb
sub-directories of 1Mb or more:
data 1.3Mb
libs 1.6Mb
Flavors: r-release-macos-arm64, r-release-macos-x86_64, r-oldrel-macos-arm64, r-oldrel-macos-x86_64, r-oldrel-windows-ix86+x86_64
Version: 3.1.2
Check: package dependencies
Result: NOTE
Package suggested but not available for checking: ‘staplr’
Flavor: r-release-macos-x86_64