Last updated on 2022-05-29 02:49:00 CEST.
Flavor | Version | Tinstall | Tcheck | Ttotal | Status | Flags |
---|---|---|---|---|---|---|
r-devel-linux-x86_64-debian-clang | 0.3.0 | 5.16 | 50.46 | 55.62 | NOTE | |
r-devel-linux-x86_64-debian-gcc | 0.3.0 | 4.94 | 39.67 | 44.61 | NOTE | |
r-devel-linux-x86_64-fedora-clang | 0.3.0 | 68.17 | NOTE | |||
r-devel-linux-x86_64-fedora-gcc | 0.3.0 | 67.00 | NOTE | |||
r-devel-windows-x86_64 | 0.3.0 | 30.00 | 68.00 | 98.00 | OK | |
r-patched-linux-x86_64 | 0.3.0 | 4.78 | 49.82 | 54.60 | NOTE | |
r-release-linux-x86_64 | 0.3.0 | 5.66 | 50.13 | 55.79 | NOTE | |
r-release-macos-arm64 | 0.3.0 | 24.00 | OK | |||
r-release-macos-x86_64 | 0.3.0 | 31.00 | OK | |||
r-release-windows-x86_64 | 0.3.0 | 31.00 | 69.00 | 100.00 | OK | |
r-oldrel-macos-arm64 | 0.3.0 | 28.00 | OK | |||
r-oldrel-macos-x86_64 | 0.3.0 | 41.00 | OK | |||
r-oldrel-windows-ix86+x86_64 | 0.3.0 | 12.00 | 61.00 | 73.00 | OK |
Version: 0.3.0
Check: package dependencies
Result: NOTE
Suggests orphaned package: 'bibtex'
Flavors: r-devel-linux-x86_64-debian-clang, r-devel-linux-x86_64-debian-gcc, r-devel-linux-x86_64-fedora-clang, r-devel-linux-x86_64-fedora-gcc, r-patched-linux-x86_64, r-release-linux-x86_64