CRAN Package Check Results for Package hdbinseg

Last updated on 2022-05-23 05:52:42 CEST.

Flavor Version Tinstall Tcheck Ttotal Status Flags
r-devel-linux-x86_64-debian-clang 1.0.1 28.30 50.63 78.93 NOTE
r-devel-linux-x86_64-debian-gcc 1.0.1 21.98 38.23 60.21 NOTE
r-devel-linux-x86_64-fedora-clang 1.0.1 103.10 NOTE
r-devel-linux-x86_64-fedora-gcc 1.0.1 97.68 NOTE
r-devel-windows-x86_64 1.0.1 34.00 85.00 119.00 NOTE
r-patched-linux-x86_64 1.0.1 26.50 49.23 75.73 NOTE
r-release-linux-x86_64 1.0.1 NOTE
r-release-macos-arm64 1.0.1 31.00 NOTE
r-release-macos-x86_64 1.0.1 37.00 NOTE
r-release-windows-x86_64 1.0.1 47.00 87.00 134.00 NOTE
r-oldrel-macos-arm64 1.0.1 37.00 NOTE
r-oldrel-macos-x86_64 1.0.1 49.00 NOTE
r-oldrel-windows-ix86+x86_64 1.0.1 70.00 90.00 160.00 NOTE

Check Details

Version: 1.0.1
Check: LazyData
Result: NOTE
     'LazyData' is specified without a 'data' directory
Flavors: r-devel-linux-x86_64-debian-clang, r-devel-linux-x86_64-debian-gcc, r-devel-linux-x86_64-fedora-clang, r-devel-linux-x86_64-fedora-gcc, r-devel-windows-x86_64, r-patched-linux-x86_64, r-release-linux-x86_64, r-release-macos-arm64, r-release-macos-x86_64, r-release-windows-x86_64, r-oldrel-macos-arm64, r-oldrel-macos-x86_64, r-oldrel-windows-ix86+x86_64