Last updated on 2023-11-30 14:48:29 CET.
Flavor | Version | Tinstall | Tcheck | Ttotal | Status | Flags |
---|---|---|---|---|---|---|
r-devel-linux-x86_64-debian-clang | 1.0.3 | 180.78 | 202.17 | 382.95 | OK | |
r-devel-linux-x86_64-debian-gcc | 1.0.3 | 115.40 | 158.71 | 274.11 | OK | |
r-devel-linux-x86_64-fedora-clang | 1.0.3 | 504.73 | NOTE | |||
r-devel-linux-x86_64-fedora-gcc | 1.0.3 | 537.80 | NOTE | |||
r-devel-windows-x86_64 | 1.0.3 | 126.00 | 206.00 | 332.00 | OK | |
r-patched-linux-x86_64 | 1.0.3 | 121.50 | 208.94 | 330.44 | OK | |
r-release-linux-x86_64 | 1.0.3 | 117.41 | 201.89 | 319.30 | OK | |
r-release-macos-arm64 | 1.0.3 | 89.00 | NOTE | |||
r-release-macos-x86_64 | 1.0.3 | 128.00 | NOTE | |||
r-release-windows-x86_64 | 1.0.3 | 168.00 | 229.00 | 397.00 | OK | |
r-oldrel-macos-arm64 | 1.0.3 | 113.00 | NOTE | |||
r-oldrel-macos-x86_64 | 1.0.3 | 179.00 | NOTE | |||
r-oldrel-windows-x86_64 | 1.0.3 | 152.00 | 226.00 | 378.00 | OK |
Version: 1.0.3
Check: package dependencies
Result: NOTE
Imports includes 24 non-default packages.
Importing from so many packages makes the package vulnerable to any of
them becoming unavailable. Move as many as possible to Suggests and
use conditionally.
Flavor: r-devel-linux-x86_64-fedora-clang
Version: 1.0.3
Check: dependencies in R code
Result: NOTE
Namespaces in Imports field not imported from:
‘MCMCpack’ ‘ggjoy’ ‘isotone’ ‘png’ ‘questionr’ ‘rprojroot’
‘tidyverse’
All declared Imports should be used.
Flavors: r-devel-linux-x86_64-fedora-clang, r-devel-linux-x86_64-fedora-gcc
Version: 1.0.3
Check: installed package size
Result: NOTE
installed size is 7.4Mb
sub-directories of 1Mb or more:
libs 6.7Mb
Flavors: r-release-macos-arm64, r-release-macos-x86_64, r-oldrel-macos-arm64, r-oldrel-macos-x86_64