Last updated on 2023-02-02 18:54:29 CET.
Flavor | Version | Tinstall | Tcheck | Ttotal | Status | Flags |
---|---|---|---|---|---|---|
r-devel-linux-x86_64-debian-clang | 1.0.2 | 171.03 | 242.06 | 413.09 | NOTE | |
r-devel-linux-x86_64-debian-gcc | 1.0.2 | 135.20 | 192.92 | 328.12 | NOTE | |
r-devel-linux-x86_64-fedora-clang | 1.0.2 | 554.67 | NOTE | |||
r-devel-linux-x86_64-fedora-gcc | 1.0.2 | 550.00 | NOTE | |||
r-devel-windows-x86_64 | 1.0.2 | 135.00 | 308.00 | 443.00 | NOTE | |
r-patched-linux-x86_64 | 1.0.2 | 140.96 | 245.17 | 386.13 | OK | |
r-release-linux-x86_64 | 1.0.2 | 139.62 | 252.35 | 391.97 | OK | |
r-release-macos-arm64 | 1.0.2 | 104.00 | NOTE | |||
r-release-macos-x86_64 | 1.0.2 | 191.00 | NOTE | |||
r-release-windows-x86_64 | 1.0.2 | 134.00 | 310.00 | 444.00 | OK | |
r-oldrel-macos-arm64 | 1.0.2 | 116.00 | NOTE | |||
r-oldrel-macos-x86_64 | 1.0.2 | 179.00 | NOTE | |||
r-oldrel-windows-ix86+x86_64 | 1.0.2 | 390.00 | 370.00 | 760.00 | OK |
Version: 1.0.2
Check: C++ specification
Result: NOTE
Specified C++11: please update to current default of C++17
Flavors: r-devel-linux-x86_64-debian-clang, r-devel-linux-x86_64-debian-gcc, r-devel-linux-x86_64-fedora-clang, r-devel-linux-x86_64-fedora-gcc, r-devel-windows-x86_64
Version: 1.0.2
Check: package dependencies
Result: NOTE
Imports includes 23 non-default packages.
Importing from so many packages makes the package vulnerable to any of
them becoming unavailable. Move as many as possible to Suggests and
use conditionally.
Flavor: r-devel-linux-x86_64-fedora-clang
Version: 1.0.2
Check: dependencies in R code
Result: NOTE
Namespaces in Imports field not imported from:
‘MCMCpack’ ‘ggjoy’ ‘isotone’ ‘questionr’ ‘rprojroot’ ‘tidyverse’
All declared Imports should be used.
Flavors: r-devel-linux-x86_64-fedora-clang, r-devel-linux-x86_64-fedora-gcc, r-release-macos-arm64, r-release-macos-x86_64, r-oldrel-macos-arm64, r-oldrel-macos-x86_64
Version: 1.0.2
Check: installed package size
Result: NOTE
installed size is 7.8Mb
sub-directories of 1Mb or more:
libs 7.1Mb
Flavors: r-release-macos-arm64, r-release-macos-x86_64, r-oldrel-macos-arm64, r-oldrel-macos-x86_64