Last updated on 2022-05-19 22:54:11 CEST.
Flavor | Version | Tinstall | Tcheck | Ttotal | Status | Flags |
---|---|---|---|---|---|---|
r-devel-linux-x86_64-debian-clang | 0.1.9 | 21.82 | 281.51 | 303.33 | OK | |
r-devel-linux-x86_64-debian-gcc | 0.1.9 | 13.95 | 201.59 | 215.54 | OK | |
r-devel-linux-x86_64-fedora-clang | 0.1.9 | 341.48 | NOTE | |||
r-devel-linux-x86_64-fedora-gcc | 0.1.9 | 344.16 | NOTE | |||
r-devel-windows-x86_64 | 0.1.9 | 115.00 | 333.00 | 448.00 | NOTE | |
r-patched-linux-x86_64 | 0.1.9 | 22.86 | 253.36 | 276.22 | OK | |
r-release-linux-x86_64 | 0.1.9 | 16.28 | 255.85 | 272.13 | OK | |
r-release-macos-arm64 | 0.1.9 | 102.00 | NOTE | |||
r-release-macos-x86_64 | 0.1.9 | 141.00 | NOTE | |||
r-release-windows-x86_64 | 0.1.9 | 82.00 | 337.00 | 419.00 | NOTE | |
r-oldrel-macos-arm64 | 0.1.9 | 102.00 | NOTE | |||
r-oldrel-macos-x86_64 | 0.1.9 | 144.00 | NOTE | |||
r-oldrel-windows-ix86+x86_64 | 0.1.9 | 46.00 | 323.00 | 369.00 | NOTE |
Version: 0.1.9
Check: installed package size
Result: NOTE
installed size is 8.9Mb
sub-directories of 1Mb or more:
doc 8.3Mb
Flavors: r-devel-linux-x86_64-fedora-clang, r-devel-windows-x86_64, r-release-macos-arm64, r-release-macos-x86_64, r-release-windows-x86_64, r-oldrel-macos-arm64, r-oldrel-macos-x86_64, r-oldrel-windows-ix86+x86_64
Version: 0.1.9
Check: dependencies in R code
Result: NOTE
Namespace in Imports field not imported from: ‘earth’
All declared Imports should be used.
Flavors: r-devel-linux-x86_64-fedora-clang, r-devel-linux-x86_64-fedora-gcc, r-release-macos-arm64, r-release-macos-x86_64, r-oldrel-macos-arm64, r-oldrel-macos-x86_64