Last updated on 2022-05-17 01:50:50 CEST.
Flavor | Version | Tinstall | Tcheck | Ttotal | Status | Flags |
---|---|---|---|---|---|---|
r-devel-linux-x86_64-debian-clang | 0.2.11 | 8.58 | 92.04 | 100.62 | OK | |
r-devel-linux-x86_64-debian-gcc | 0.2.11 | 7.16 | 67.60 | 74.76 | OK | |
r-devel-linux-x86_64-fedora-clang | 0.2.11 | 117.30 | NOTE | |||
r-devel-linux-x86_64-fedora-gcc | 0.2.11 | 111.21 | NOTE | |||
r-devel-windows-x86_64 | 0.2.11 | 40.00 | 105.00 | 145.00 | OK | |
r-patched-linux-x86_64 | 0.2.11 | 10.43 | 83.40 | 93.83 | OK | |
r-release-linux-x86_64 | 0.2.11 | 8.58 | 83.77 | 92.35 | OK | |
r-release-macos-arm64 | 0.2.11 | 35.00 | NOTE | |||
r-release-macos-x86_64 | 0.2.11 | 57.00 | NOTE | |||
r-release-windows-x86_64 | 0.2.11 | 36.00 | 103.00 | 139.00 | OK | |
r-oldrel-macos-arm64 | 0.2.11 | 32.00 | NOTE | |||
r-oldrel-macos-x86_64 | 0.2.11 | 43.00 | NOTE | |||
r-oldrel-windows-ix86+x86_64 | 0.2.11 | 21.00 | 110.00 | 131.00 | OK |
Version: 0.2.11
Check: dependencies in R code
Result: NOTE
Namespace in Imports field not imported from: ‘usethis’
All declared Imports should be used.
Flavors: r-devel-linux-x86_64-fedora-clang, r-devel-linux-x86_64-fedora-gcc, r-release-macos-arm64, r-release-macos-x86_64, r-oldrel-macos-arm64, r-oldrel-macos-x86_64