CRAN Package Check Results for Package highcharter

Last updated on 2022-01-22 10:58:55 CET.

Flavor Version Tinstall Tcheck Ttotal Status Flags
r-devel-linux-x86_64-debian-clang 0.9.4 14.14 135.79 149.93 OK
r-devel-linux-x86_64-debian-gcc 0.9.4 10.32 101.20 111.52 OK
r-devel-linux-x86_64-fedora-clang 0.9.4 178.69 NOTE
r-devel-linux-x86_64-fedora-gcc 0.9.4 164.76 NOTE
r-devel-windows-x86_64-new-UL 0.9.4 501.00 321.00 822.00 OK
r-devel-windows-x86_64-new-TK 0.9.4 NOTE
r-patched-linux-x86_64 0.9.4 13.18 129.86 143.04 OK
r-release-linux-x86_64 0.9.4 12.91 129.96 142.87 OK
r-release-macos-arm64 0.9.4 NOTE
r-release-macos-x86_64 0.9.4 NOTE
r-release-windows-ix86+x86_64 0.9.4 28.00 171.00 199.00 OK
r-oldrel-macos-x86_64 0.8.2 OK
r-oldrel-windows-ix86+x86_64 0.9.4 29.00 180.00 209.00 OK

Check Details

Version: 0.9.4
Check: data for non-ASCII characters
Result: NOTE
     Note: found 11 marked UTF-8 strings
Flavors: r-devel-linux-x86_64-fedora-clang, r-devel-linux-x86_64-fedora-gcc, r-devel-windows-x86_64-new-TK, r-release-macos-arm64, r-release-macos-x86_64