CRAN Package Check Results for Package highlight

Last updated on 2022-06-30 02:52:26 CEST.

Flavor Version Tinstall Tcheck Ttotal Status Flags
r-devel-linux-x86_64-debian-clang 0.5.0 63.29 29.06 92.35 OK
r-devel-linux-x86_64-debian-gcc 0.5.0 59.68 23.23 82.91 OK
r-devel-linux-x86_64-fedora-clang 0.5.0 182.76 NOTE
r-devel-linux-x86_64-fedora-gcc 0.5.0 141.91 OK
r-devel-windows-x86_64 0.5.0 197.00 84.00 281.00 OK
r-patched-linux-x86_64 0.5.0 64.97 28.91 93.88 OK
r-release-linux-x86_64 0.5.0 59.88 28.25 88.13 OK
r-release-macos-arm64 0.5.0 47.00 NOTE
r-release-macos-x86_64 0.5.0 58.00 NOTE
r-release-windows-x86_64 0.5.0 97.00 77.00 174.00 OK
r-oldrel-macos-arm64 0.5.0 52.00 NOTE
r-oldrel-macos-x86_64 0.5.0 83.00 NOTE
r-oldrel-windows-ix86+x86_64 0.5.0 166.00 54.00 220.00 OK

Check Details

Version: 0.5.0
Check: installed package size
Result: NOTE
     installed size is 6.4Mb
     sub-directories of 1Mb or more:
     highlight 1.1Mb
     libs 5.1Mb
Flavors: r-devel-linux-x86_64-fedora-clang, r-release-macos-arm64, r-release-macos-x86_64, r-oldrel-macos-arm64, r-oldrel-macos-x86_64