Last updated on 2022-06-29 01:50:23 CEST.
Flavor | Version | Tinstall | Tcheck | Ttotal | Status | Flags |
---|---|---|---|---|---|---|
r-devel-linux-x86_64-debian-clang | 3.0-7 | 9.03 | 55.92 | 64.95 | OK | |
r-devel-linux-x86_64-debian-gcc | 3.0-7 | 8.08 | 42.13 | 50.21 | OK | |
r-devel-linux-x86_64-fedora-clang | 3.0-7 | 88.98 | NOTE | |||
r-devel-linux-x86_64-fedora-gcc | 3.0-7 | 89.64 | OK | |||
r-devel-windows-x86_64 | 3.0-7 | 59.00 | 86.00 | 145.00 | OK | |
r-patched-linux-x86_64 | 3.0-7 | 9.83 | 53.13 | 62.96 | OK | |
r-release-linux-x86_64 | 3.0-7 | 9.23 | 53.65 | 62.88 | OK | |
r-release-macos-arm64 | 3.0-7 | 27.00 | OK | |||
r-release-macos-x86_64 | 3.0-7 | 37.00 | OK | |||
r-release-windows-x86_64 | 3.0-7 | 77.00 | 85.00 | 162.00 | OK | |
r-oldrel-macos-arm64 | 3.0-7 | 27.00 | OK | |||
r-oldrel-macos-x86_64 | 3.0-7 | 35.00 | OK | |||
r-oldrel-windows-ix86+x86_64 | 3.0-7 | 23.00 | 88.00 | 111.00 | OK |
Version: 3.0-7
Check: Rd cross-references
Result: NOTE
Undeclared package ‘HMM’ in Rd xrefs
Flavor: r-devel-linux-x86_64-fedora-clang