CRAN Package Check Results for Package hopit

Last updated on 2022-05-20 10:54:41 CEST.

Flavor Version Tinstall Tcheck Ttotal Status Flags
r-devel-linux-x86_64-debian-clang 0.10.3 53.75 136.36 190.11 OK
r-devel-linux-x86_64-debian-gcc 0.10.3 38.35 103.87 142.22 OK
r-devel-linux-x86_64-fedora-clang 0.10.3 243.12 NOTE
r-devel-linux-x86_64-fedora-gcc 0.10.3 227.64 NOTE
r-devel-windows-x86_64 0.10.3 52.00 175.00 227.00 OK
r-patched-linux-x86_64 0.10.3 44.03 133.57 177.60 OK
r-release-linux-x86_64 0.10.3 44.37 134.46 178.83 OK
r-release-macos-arm64 0.10.3 64.00 NOTE
r-release-macos-x86_64 0.10.3 97.00 NOTE
r-release-windows-x86_64 0.10.3 50.00 172.00 222.00 OK
r-oldrel-macos-arm64 0.10.3 76.00 NOTE
r-oldrel-macos-x86_64 0.10.3 106.00 NOTE
r-oldrel-windows-ix86+x86_64 0.10.3 104.00 275.00 379.00 OK

Check Details

Version: 0.10.3
Check: installed package size
Result: NOTE
     installed size is 8.7Mb
     sub-directories of 1Mb or more:
     libs 7.9Mb
Flavors: r-devel-linux-x86_64-fedora-clang, r-release-macos-arm64, r-release-macos-x86_64, r-oldrel-macos-arm64, r-oldrel-macos-x86_64

Version: 0.10.3
Check: dependencies in R code
Result: NOTE
    Namespace in Imports field not imported from: ‘Matrix’
     All declared Imports should be used.
Flavors: r-devel-linux-x86_64-fedora-clang, r-devel-linux-x86_64-fedora-gcc, r-release-macos-arm64, r-release-macos-x86_64, r-oldrel-macos-arm64, r-oldrel-macos-x86_64