CRAN Package Check Results for Package hospitals

Last updated on 2022-05-16 11:51:29 CEST.

Flavor Version Tinstall Tcheck Ttotal Status Flags
r-devel-linux-x86_64-debian-clang 0.1.0 4.76 48.65 53.41 OK
r-devel-linux-x86_64-debian-gcc 0.1.0 3.38 37.37 40.75 OK
r-devel-linux-x86_64-fedora-clang 0.1.0 63.47 NOTE
r-devel-linux-x86_64-fedora-gcc 0.1.0 61.89 NOTE
r-devel-windows-x86_64 0.1.0 15.00 68.00 83.00 OK
r-patched-linux-x86_64 0.1.0 3.38 46.48 49.86 OK
r-release-linux-x86_64 0.1.0 4.56 46.73 51.29 OK
r-release-macos-arm64 0.1.0 21.00 NOTE
r-release-macos-x86_64 0.1.0 30.00 NOTE
r-release-windows-x86_64 0.1.0 15.00 64.00 79.00 OK
r-oldrel-macos-arm64 0.1.0 29.00 NOTE
r-oldrel-macos-x86_64 0.1.0 28.00 NOTE
r-oldrel-windows-ix86+x86_64 0.1.0 10.00 55.00 65.00 OK

Check Details

Version: 0.1.0
Check: data for non-ASCII characters
Result: NOTE
     Note: found 124 marked UTF-8 strings
Flavors: r-devel-linux-x86_64-fedora-clang, r-devel-linux-x86_64-fedora-gcc, r-release-macos-arm64, r-release-macos-x86_64, r-oldrel-macos-arm64, r-oldrel-macos-x86_64